Last updated on 2025-11-03 11:49:38 CET.
| Flavor | Version | Tinstall | Tcheck | Ttotal | Status | Flags |
|---|---|---|---|---|---|---|
| r-devel-linux-x86_64-debian-clang | 1.3.0 | 310.22 | 286.86 | 597.08 | OK | |
| r-devel-linux-x86_64-debian-gcc | 1.4.3 | 266.28 | 187.55 | 453.83 | OK | |
| r-devel-linux-x86_64-fedora-clang | 1.4.3 | 186.00 | 683.99 | 869.99 | OK | |
| r-devel-linux-x86_64-fedora-gcc | 1.4.3 | 402.00 | 598.12 | 1000.12 | OK | |
| r-devel-windows-x86_64 | 1.4.3 | 253.00 | 266.00 | 519.00 | OK | |
| r-patched-linux-x86_64 | 1.3.0 | 291.34 | 284.48 | 575.82 | OK | |
| r-release-linux-x86_64 | 1.4.3 | 353.71 | 231.31 | 585.02 | OK | |
| r-release-macos-arm64 | 1.4.3 | 143.00 | 107.00 | 250.00 | OK | |
| r-release-macos-x86_64 | 1.4.3 | 197.00 | 257.00 | 454.00 | OK | |
| r-release-windows-x86_64 | 1.4.3 | 286.00 | 251.00 | 537.00 | OK | |
| r-oldrel-macos-arm64 | 1.4.3 | 139.00 | 112.00 | 251.00 | NOTE | |
| r-oldrel-macos-x86_64 | 1.4.3 | 188.00 | 254.00 | 442.00 | NOTE | |
| r-oldrel-windows-x86_64 | 1.4.3 | 272.00 | 339.00 | 611.00 | NOTE |
Version: 1.4.3
Check: installed package size
Result: NOTE
installed size is 105.3Mb
sub-directories of 1Mb or more:
doc 2.0Mb
libs 102.7Mb
Flavors: r-oldrel-macos-arm64, r-oldrel-macos-x86_64, r-oldrel-windows-x86_64