Last updated on 2025-05-22 12:49:56 CEST.
Flavor | Version | Tinstall | Tcheck | Ttotal | Status | Flags |
---|---|---|---|---|---|---|
r-devel-linux-x86_64-debian-clang | 0.1.2 | 31.26 | 273.44 | 304.70 | OK | |
r-devel-linux-x86_64-debian-gcc | 0.1.2 | 21.27 | 193.61 | 214.88 | OK | |
r-devel-linux-x86_64-fedora-clang | 0.1.2 | 487.29 | OK | |||
r-devel-linux-x86_64-fedora-gcc | 0.1.2 | 470.02 | OK | |||
r-devel-windows-x86_64 | 0.1.2 | 34.00 | 234.00 | 268.00 | OK | |
r-patched-linux-x86_64 | 0.1.2 | 31.00 | 253.92 | 284.92 | OK | |
r-release-linux-x86_64 | 0.1.2 | 29.01 | 256.45 | 285.46 | OK | |
r-release-macos-arm64 | 0.1.2 | 5.00 | ERROR | |||
r-release-macos-x86_64 | 0.1.2 | 7.00 | ERROR | |||
r-release-windows-x86_64 | 0.1.2 | 32.00 | 369.00 | 401.00 | OK | |
r-oldrel-macos-arm64 | 0.1.2 | 13.00 | ERROR | |||
r-oldrel-macos-x86_64 | 0.1.2 | 11.00 | ERROR | |||
r-oldrel-windows-x86_64 | 0.1.2 | 38.00 | 316.00 | 354.00 | OK |
Version: 0.1.2
Check: package dependencies
Result: ERROR
Package required but not available: ‘TCseq’
Package suggested but not available for checking: ‘monocle’
See section ‘The DESCRIPTION file’ in the ‘Writing R Extensions’
manual.
Flavors: r-release-macos-arm64, r-release-macos-x86_64, r-oldrel-macos-x86_64
Version: 0.1.2
Check: package dependencies
Result: ERROR
Package required but not available: ‘TCseq’
See section ‘The DESCRIPTION file’ in the ‘Writing R Extensions’
manual.
Flavor: r-oldrel-macos-arm64