Last updated on 2025-11-04 05:51:07 CET.
| Flavor | Version | Tinstall | Tcheck | Ttotal | Status | Flags | 
|---|---|---|---|---|---|---|
| r-devel-linux-x86_64-debian-clang | 0.2.4 | 2.70 | 93.40 | 96.10 | NOTE | |
| r-devel-linux-x86_64-debian-gcc | 0.2.4 | 2.11 | 71.26 | 73.37 | NOTE | |
| r-devel-linux-x86_64-fedora-clang | 0.2.4 | 24.00 | 130.72 | 154.72 | OK | |
| r-devel-linux-x86_64-fedora-gcc | 0.2.4 | 13.00 | 152.05 | 165.05 | OK | |
| r-devel-windows-x86_64 | 0.2.4 | 5.00 | 110.00 | 115.00 | OK | |
| r-patched-linux-x86_64 | 0.2.4 | 2.86 | 89.12 | 91.98 | OK | |
| r-release-linux-x86_64 | 0.2.4 | 2.76 | 89.33 | 92.09 | OK | |
| r-release-macos-arm64 | 0.2.4 | 1.00 | 51.00 | 52.00 | OK | |
| r-release-macos-x86_64 | 0.2.4 | 2.00 | 104.00 | 106.00 | OK | |
| r-release-windows-x86_64 | 0.2.4 | 5.00 | 107.00 | 112.00 | OK | |
| r-oldrel-macos-arm64 | 0.2.4 | 2.00 | 50.00 | 52.00 | OK | |
| r-oldrel-macos-x86_64 | 0.2.4 | 2.00 | 73.00 | 75.00 | OK | |
| r-oldrel-windows-x86_64 | 0.2.4 | 6.00 | 137.00 | 143.00 | OK | 
Version: 0.2.4
Check: CRAN incoming feasibility
Result: NOTE
  Maintainer: ‘Oliver Pfaffel <opfaffel@gmail.com>’
  
  No Authors@R field in DESCRIPTION.
  Please add one, modifying
    Authors@R: person(given = "Oliver",
                      family = "Pfaffel",
                      role = c("aut", "cre"),
                      email = "opfaffel@gmail.com")
  as necessary.
  
  Package CITATION file contains call(s) to old-style citEntry().  Please
  use bibentry() instead.
Flavors: r-devel-linux-x86_64-debian-clang, r-devel-linux-x86_64-debian-gcc