Last updated on 2025-02-21 17:50:38 CET.
Flavor | Version | Tinstall | Tcheck | Ttotal | Status | Flags |
---|---|---|---|---|---|---|
r-devel-linux-x86_64-debian-clang | 1.0.2 | 26.51 | 143.03 | 169.54 | NOTE | |
r-devel-linux-x86_64-debian-gcc | 1.0.2 | 17.24 | 98.31 | 115.55 | NOTE | |
r-devel-linux-x86_64-fedora-clang | 1.0.2 | 293.07 | OK | |||
r-devel-linux-x86_64-fedora-gcc | 1.0.2 | 263.67 | OK | |||
r-devel-macos-arm64 | 1.0.2 | 133.00 | OK | |||
r-devel-macos-x86_64 | 1.0.2 | 277.00 | OK | |||
r-devel-windows-x86_64 | 1.0.2 | 31.00 | 284.00 | 315.00 | NOTE | |
r-patched-linux-x86_64 | 1.0.2 | 29.45 | 128.36 | 157.81 | OK | |
r-release-linux-x86_64 | 1.0.2 | 22.75 | 129.10 | 151.85 | OK | |
r-release-macos-arm64 | 1.0.2 | 125.00 | OK | |||
r-release-macos-x86_64 | 1.0.2 | 206.00 | OK | |||
r-release-windows-x86_64 | 1.0.2 | 29.00 | 288.00 | 317.00 | OK | |
r-oldrel-macos-arm64 | 1.0.2 | 144.00 | OK | |||
r-oldrel-macos-x86_64 | 1.0.2 | 251.00 | OK | |||
r-oldrel-windows-x86_64 | 1.0.2 | 37.00 | 346.00 | 383.00 | OK |
Version: 1.0.2
Check: Rd cross-references
Result: NOTE
Found the following Rd file(s) with Rd \link{} targets missing package
anchors:
plot.clus_lme.Rd: ggexport
plot.clus_opt_thres3.Rd: ggexport
Please provide package anchors for all Rd \link{} targets not in the
package itself and the base packages.
Flavors: r-devel-linux-x86_64-debian-clang, r-devel-linux-x86_64-debian-gcc, r-devel-windows-x86_64