CRAN Package Check Results for Package ClueR

Last updated on 2025-07-16 07:49:02 CEST.

Flavor Version Tinstall Tcheck Ttotal Status Flags
r-devel-linux-x86_64-debian-clang 1.4.2 2.20 39.19 41.39 NOTE
r-devel-linux-x86_64-debian-gcc 1.4.2 1.71 28.88 30.59 NOTE
r-devel-linux-x86_64-fedora-clang 1.4.2 62.12 OK
r-devel-linux-x86_64-fedora-gcc 1.4.2 58.66 OK
r-devel-windows-x86_64 1.4.2 4.00 57.00 61.00 OK
r-patched-linux-x86_64 1.4.2 2.55 35.69 38.24 OK
r-release-linux-x86_64 1.4.2 2.17 35.45 37.62 OK
r-release-macos-arm64 1.4.2 24.00 OK
r-release-macos-x86_64 1.4.2 38.00 OK
r-release-windows-x86_64 1.4.2 3.00 67.00 70.00 OK
r-oldrel-macos-arm64 1.4.2 20.00 OK
r-oldrel-macos-x86_64 1.4.2 28.00 OK
r-oldrel-windows-x86_64 1.4.2 4.00 63.00 67.00 OK

Check Details

Version: 1.4.2
Check: CRAN incoming feasibility
Result: NOTE Maintainer: ‘Pengyi Yang <yangpy7@gmail.com>’ No Authors@R field in DESCRIPTION. Please add one, modifying Authors@R: person(given = "Pengyi", family = "Yang", role = c("aut", "cre"), email = "yangpy7@gmail.com") as necessary. Flavors: r-devel-linux-x86_64-debian-clang, r-devel-linux-x86_64-debian-gcc

mirror server hosted at Truenetwork, Russian Federation.