CRAN Package Check Results for Package CircularDDM

Last updated on 2025-05-23 00:50:10 CEST.

Flavor Version Tinstall Tcheck Ttotal Status Flags
r-devel-linux-x86_64-debian-clang 0.1.0 22.20 22.84 45.04 OK
r-devel-linux-x86_64-debian-gcc 0.1.0 15.38 19.05 34.43 OK
r-devel-linux-x86_64-fedora-clang 0.1.0 80.09 OK
r-devel-linux-x86_64-fedora-gcc 0.1.0 79.51 OK
r-devel-windows-x86_64 0.1.0 25.00 66.00 91.00 OK
r-patched-linux-x86_64 0.1.0 20.82 22.29 43.11 OK
r-release-linux-x86_64 0.1.0 21.37 22.54 43.91 OK
r-release-macos-arm64 0.1.0 33.00 OK
r-release-macos-x86_64 0.1.0 40.00 OK
r-release-windows-x86_64 0.1.0 27.00 99.00 126.00 OK
r-oldrel-macos-arm64 0.1.0 25.00 NOTE
r-oldrel-macos-x86_64 0.1.0 37.00 NOTE
r-oldrel-windows-x86_64 0.1.0 30.00 70.00 100.00 NOTE

Check Details

Version: 0.1.0
Check: LazyData
Result: NOTE 'LazyData' is specified without a 'data' directory Flavors: r-oldrel-macos-arm64, r-oldrel-macos-x86_64, r-oldrel-windows-x86_64

mirror server hosted at Truenetwork, Russian Federation.