Last updated on 2025-11-04 05:51:07 CET.
| Flavor | Version | Tinstall | Tcheck | Ttotal | Status | Flags | 
|---|---|---|---|---|---|---|
| r-devel-linux-x86_64-debian-clang | 3.2.3 | 1.64 | 23.56 | 25.20 | NOTE | |
| r-devel-linux-x86_64-debian-gcc | 3.2.3 | 1.42 | 19.36 | 20.78 | NOTE | |
| r-devel-linux-x86_64-fedora-clang | 3.2.3 | 14.00 | 27.10 | 41.10 | OK | |
| r-devel-linux-x86_64-fedora-gcc | 3.2.3 | 35.51 | OK | |||
| r-devel-windows-x86_64 | 3.2.3 | 4.00 | 44.00 | 48.00 | OK | |
| r-patched-linux-x86_64 | 3.2.3 | 1.70 | 21.91 | 23.61 | OK | |
| r-release-linux-x86_64 | 3.2.3 | 1.83 | 22.13 | 23.96 | OK | |
| r-release-macos-arm64 | 3.2.3 | 1.00 | 16.00 | 17.00 | OK | |
| r-release-macos-x86_64 | 3.2.3 | 2.00 | 25.00 | 27.00 | OK | |
| r-release-windows-x86_64 | 3.2.3 | 3.00 | 42.00 | 45.00 | OK | |
| r-oldrel-macos-arm64 | 3.2.3 | 1.00 | 19.00 | 20.00 | OK | |
| r-oldrel-macos-x86_64 | 3.2.3 | 2.00 | 23.00 | 25.00 | OK | |
| r-oldrel-windows-x86_64 | 3.2.3 | 4.00 | 48.00 | 52.00 | OK | 
Version: 3.2.3
Check: CRAN incoming feasibility
Result: NOTE
  Maintainer: ‘Azade Ghazanfarihesari <azade_ghazanfari@yahoo.com>’
  
  No Authors@R field in DESCRIPTION.
  Please add one, modifying
    Authors@R: c(person(given = "Azade",
                        family = "Ghazanfarihesari",
                        role = c("aut", "cre"),
                        email = "azade_ghazanfari@yahoo.com"),
                 person(given = c("Majid", "Sarmad-", "Ferdowsi", "University", "Of"),
                        family = "Mashhad",
                        role = "aut"))
  as necessary.
Flavors: r-devel-linux-x86_64-debian-clang, r-devel-linux-x86_64-debian-gcc