Last updated on 2025-11-03 11:49:38 CET.
| Flavor | Version | Tinstall | Tcheck | Ttotal | Status | Flags |
|---|---|---|---|---|---|---|
| r-devel-linux-x86_64-debian-clang | 1.0.1 | 10.84 | 28.91 | 39.75 | NOTE | |
| r-devel-linux-x86_64-debian-gcc | 1.0.1 | 8.87 | 23.83 | 32.70 | NOTE | |
| r-devel-linux-x86_64-fedora-clang | 1.0.1 | 45.00 | 24.25 | 69.25 | OK | |
| r-devel-linux-x86_64-fedora-gcc | 1.0.1 | 33.00 | 29.41 | 62.41 | OK | |
| r-devel-windows-x86_64 | 1.0.1 | 17.00 | 67.00 | 84.00 | OK | |
| r-patched-linux-x86_64 | 1.0.1 | 12.26 | 27.24 | 39.50 | OK | |
| r-release-linux-x86_64 | 1.0.1 | 11.75 | 27.10 | 38.85 | OK | |
| r-release-macos-arm64 | 1.0.1 | 7.00 | 19.00 | 26.00 | OK | |
| r-release-macos-x86_64 | 1.0.1 | 9.00 | 30.00 | 39.00 | OK | |
| r-release-windows-x86_64 | 1.0.1 | 17.00 | 65.00 | 82.00 | OK | |
| r-oldrel-macos-arm64 | 1.0.1 | 7.00 | 18.00 | 25.00 | OK | |
| r-oldrel-macos-x86_64 | 1.0.1 | 9.00 | 25.00 | 34.00 | OK | |
| r-oldrel-windows-x86_64 | 1.0.1 | 20.00 | 81.00 | 101.00 | OK |
Version: 1.0.1
Check: CRAN incoming feasibility
Result: NOTE
Maintainer: ‘Giovanna Capizzi <giovanna.capizzi@unipd.it>’
No Authors@R field in DESCRIPTION.
Please add one, modifying
Authors@R: c(person(given = "Giovanna",
family = "Capizzi",
role = c("aut", "cre"),
email = "giovanna.capizzi@unipd.it"),
person(given = "Guido",
family = "Masarotto",
role = "aut"))
as necessary.
Flavors: r-devel-linux-x86_64-debian-clang, r-devel-linux-x86_64-debian-gcc