Last updated on 2025-11-04 11:52:26 CET.
| Flavor | Version | Tinstall | Tcheck | Ttotal | Status | Flags | 
|---|---|---|---|---|---|---|
| r-devel-linux-x86_64-debian-clang | 0.1.2 | 13.54 | 103.24 | 116.78 | NOTE | |
| r-devel-linux-x86_64-debian-gcc | 0.1.2 | 9.21 | 70.89 | 80.10 | NOTE | |
| r-devel-linux-x86_64-fedora-clang | 0.1.2 | 69.00 | 122.96 | 191.96 | OK | |
| r-devel-linux-x86_64-fedora-gcc | 0.1.2 | 26.00 | 141.84 | 167.84 | OK | |
| r-devel-windows-x86_64 | 0.1.2 | 15.00 | 108.00 | 123.00 | OK | |
| r-patched-linux-x86_64 | 0.1.2 | 12.18 | 94.91 | 107.09 | OK | |
| r-release-linux-x86_64 | 0.1.2 | 12.45 | 94.90 | 107.35 | OK | |
| r-release-macos-arm64 | 0.1.2 | 6.00 | 44.00 | 50.00 | OK | |
| r-release-macos-x86_64 | 0.1.2 | 11.00 | 76.00 | 87.00 | OK | |
| r-release-windows-x86_64 | 0.1.2 | 14.00 | 106.00 | 120.00 | OK | |
| r-oldrel-macos-arm64 | 0.1.2 | 6.00 | 42.00 | 48.00 | OK | |
| r-oldrel-macos-x86_64 | 0.1.2 | 9.00 | 68.00 | 77.00 | OK | |
| r-oldrel-windows-x86_64 | 0.1.2 | 19.00 | 138.00 | 157.00 | OK | 
Version: 0.1.2
Check: CRAN incoming feasibility
Result: NOTE
  Maintainer: ‘Dominik Heider <heiderd@mathematik.uni-marburg.de>’
  
  No Authors@R field in DESCRIPTION.
  Please add one, modifying
    Authors@R: c(person(given = "Johanna",
                        family = "Schwarz",
                        role = "aut"),
                 person(given = "Dominik",
                        family = "Heider",
                        role = c("aut", "cre"),
                        email = "heiderd@mathematik.uni-marburg.de"))
  as necessary.
Flavors: r-devel-linux-x86_64-debian-clang, r-devel-linux-x86_64-debian-gcc