Last updated on 2025-11-04 05:51:06 CET.
| Flavor | Version | Tinstall | Tcheck | Ttotal | Status | Flags | 
|---|---|---|---|---|---|---|
| r-devel-linux-x86_64-debian-clang | 1.2.5 | 2.86 | 45.20 | 48.06 | NOTE | |
| r-devel-linux-x86_64-debian-gcc | 1.2.5 | 2.24 | 31.81 | 34.05 | NOTE | |
| r-devel-linux-x86_64-fedora-clang | 1.2.5 | 75.32 | OK | |||
| r-devel-linux-x86_64-fedora-gcc | 1.2.5 | 67.64 | OK | |||
| r-devel-windows-x86_64 | 1.2.5 | 5.00 | 67.00 | 72.00 | OK | |
| r-patched-linux-x86_64 | 1.2.5 | 3.28 | 42.34 | 45.62 | OK | |
| r-release-linux-x86_64 | 1.2.5 | 2.86 | 42.92 | 45.78 | OK | |
| r-release-macos-arm64 | 1.2.5 | 2.00 | 27.00 | 29.00 | OK | |
| r-release-macos-x86_64 | 1.2.5 | 4.00 | 59.00 | 63.00 | OK | |
| r-release-windows-x86_64 | 1.2.5 | 4.00 | 67.00 | 71.00 | OK | |
| r-oldrel-macos-arm64 | 1.2.5 | 1.00 | 23.00 | 24.00 | OK | |
| r-oldrel-macos-x86_64 | 1.2.5 | 3.00 | 54.00 | 57.00 | OK | |
| r-oldrel-windows-x86_64 | 1.2.5 | 5.00 | 73.00 | 78.00 | OK | 
Version: 1.2.5
Check: CRAN incoming feasibility
Result: NOTE
  Maintainer: ‘Alex J. Cannon <alex.cannon@canada.ca>’
  
  No Authors@R field in DESCRIPTION.
  Please add one, modifying
    Authors@R: person(given = c("Alex", "J."),
                      family = "Cannon",
                      role = c("aut", "cre"),
                      email = "alex.cannon@canada.ca")
  as necessary.
  
  Package CITATION file contains call(s) to old-style citEntry().  Please
  use bibentry() instead.
Flavors: r-devel-linux-x86_64-debian-clang, r-devel-linux-x86_64-debian-gcc