Last updated on 2025-11-04 11:52:28 CET.
| Flavor | Version | Tinstall | Tcheck | Ttotal | Status | Flags | 
|---|---|---|---|---|---|---|
| r-devel-linux-x86_64-debian-clang | 0.2-3 | 7.99 | 78.92 | 86.91 | NOTE | |
| r-devel-linux-x86_64-debian-gcc | 0.2-3 | 6.24 | 56.98 | 63.22 | NOTE | |
| r-devel-linux-x86_64-fedora-clang | 0.2-3 | 17.00 | 124.22 | 141.22 | OK | |
| r-devel-linux-x86_64-fedora-gcc | 0.2-3 | 18.00 | 109.16 | 127.16 | OK | |
| r-devel-windows-x86_64 | 0.2-3 | 9.00 | 82.00 | 91.00 | OK | |
| r-patched-linux-x86_64 | 0.2-3 | 7.25 | 74.62 | 81.87 | OK | |
| r-release-linux-x86_64 | 0.2-3 | 6.93 | 75.17 | 82.10 | OK | |
| r-release-macos-arm64 | 0.2-3 | 4.00 | 34.00 | 38.00 | OK | |
| r-release-macos-x86_64 | 0.2-3 | 8.00 | 66.00 | 74.00 | OK | |
| r-release-windows-x86_64 | 0.2-3 | 9.00 | 81.00 | 90.00 | OK | |
| r-oldrel-macos-arm64 | 0.2-3 | 4.00 | 31.00 | 35.00 | OK | |
| r-oldrel-macos-x86_64 | 0.2-3 | 5.00 | 51.00 | 56.00 | OK | |
| r-oldrel-windows-x86_64 | 0.2-3 | 12.00 | 102.00 | 114.00 | OK | 
Version: 0.2-3
Check: CRAN incoming feasibility
Result: NOTE
  Maintainer: ‘Tammo Krueger <tammokrueger@googlemail.com>’
  
  No Authors@R field in DESCRIPTION.
  Please add one, modifying
    Authors@R: c(person(given = "Tammo",
                        family = "Krueger",
                        role = c("aut", "cre"),
                        email = "tammokrueger@googlemail.com"),
                 person(given = "Mikio",
                        family = "Braun",
                        role = "aut"))
  as necessary.
Flavors: r-devel-linux-x86_64-debian-clang, r-devel-linux-x86_64-debian-gcc