Last updated on 2025-02-21 17:50:39 CET.
Flavor | Version | Tinstall | Tcheck | Ttotal | Status | Flags |
---|---|---|---|---|---|---|
r-devel-linux-x86_64-debian-clang | 0.1.1 | 31.52 | 29.73 | 61.25 | NOTE | |
r-devel-linux-x86_64-debian-gcc | 0.1.1 | 25.84 | 23.07 | 48.91 | NOTE | |
r-devel-linux-x86_64-fedora-clang | 0.1.1 | 111.97 | OK | |||
r-devel-linux-x86_64-fedora-gcc | 0.1.1 | 112.20 | OK | |||
r-devel-macos-arm64 | 0.1.1 | 31.00 | OK | |||
r-devel-macos-x86_64 | 0.1.1 | 55.00 | OK | |||
r-devel-windows-x86_64 | 0.1.1 | 35.00 | 69.00 | 104.00 | NOTE | |
r-patched-linux-x86_64 | 0.1.1 | 38.32 | 28.15 | 66.47 | OK | |
r-release-linux-x86_64 | 0.1.1 | 34.11 | 28.63 | 62.74 | OK | |
r-release-macos-arm64 | 0.1.1 | 33.00 | NOTE | |||
r-release-macos-x86_64 | 0.1.1 | 44.00 | NOTE | |||
r-release-windows-x86_64 | 0.1.1 | 36.00 | 70.00 | 106.00 | OK | |
r-oldrel-macos-arm64 | 0.1.1 | 37.00 | NOTE | |||
r-oldrel-macos-x86_64 | 0.1.1 | 55.00 | NOTE | |||
r-oldrel-windows-x86_64 | 0.1.1 | 44.00 | 97.00 | 141.00 | OK |
Version: 0.1.1
Check: Rd cross-references
Result: NOTE
Found the following Rd file(s) with Rd \link{} targets missing package
anchors:
SparseCCA.Rd: CCA, CCA.permute
Please provide package anchors for all Rd \link{} targets not in the
package itself and the base packages.
Flavors: r-devel-linux-x86_64-debian-clang, r-devel-linux-x86_64-debian-gcc, r-devel-windows-x86_64
Version: 0.1.1
Check: installed package size
Result: NOTE
installed size is 5.0Mb
sub-directories of 1Mb or more:
libs 4.2Mb
Flavors: r-release-macos-arm64, r-release-macos-x86_64, r-oldrel-macos-arm64, r-oldrel-macos-x86_64