CRAN Package Check Results for Package CTTinShiny

Last updated on 2025-02-22 05:51:33 CET.

Flavor Version Tinstall Tcheck Ttotal Status Flags
r-devel-linux-x86_64-debian-clang 0.1.0 3.54 30.77 34.31 OK
r-devel-linux-x86_64-debian-gcc 0.1.0 2.96 23.82 26.78 OK
r-devel-linux-x86_64-fedora-clang 0.1.0 60.74 OK
r-devel-linux-x86_64-fedora-gcc 0.1.0 52.23 OK
r-devel-macos-arm64 0.1.0 22.00 OK
r-devel-macos-x86_64 0.1.0 33.00 OK
r-devel-windows-x86_64 0.1.0 5.00 50.00 55.00 OK
r-patched-linux-x86_64 0.1.0 3.63 29.53 33.16 NOTE
r-release-linux-x86_64 0.1.0 3.85 29.10 32.95 NOTE
r-release-macos-arm64 0.1.0 21.00 NOTE
r-release-macos-x86_64 0.1.0 30.00 NOTE
r-release-windows-x86_64 0.1.0 6.00 49.00 55.00 NOTE
r-oldrel-macos-arm64 0.1.0 23.00 NOTE
r-oldrel-macos-x86_64 0.1.0 30.00 NOTE
r-oldrel-windows-x86_64 0.1.0 7.00 54.00 61.00 NOTE

Check Details

Version: 0.1.0
Check: LazyData
Result: NOTE 'LazyData' is specified without a 'data' directory Flavors: r-patched-linux-x86_64, r-release-linux-x86_64, r-release-macos-arm64, r-release-macos-x86_64, r-release-windows-x86_64, r-oldrel-macos-arm64, r-oldrel-macos-x86_64, r-oldrel-windows-x86_64

mirror server hosted at Truenetwork, Russian Federation.