Last updated on 2025-05-22 06:51:41 CEST.
Flavor | Version | Tinstall | Tcheck | Ttotal | Status | Flags |
---|---|---|---|---|---|---|
r-devel-linux-x86_64-debian-clang | 1.0.0 | 107.19 | 74.23 | 181.42 | NOTE | |
r-devel-linux-x86_64-debian-gcc | 1.0.0 | 81.98 | 52.61 | 134.59 | NOTE | |
r-devel-linux-x86_64-fedora-clang | 1.0.0 | 323.26 | NOTE | |||
r-devel-linux-x86_64-fedora-gcc | 1.0.0 | 366.88 | NOTE | |||
r-devel-windows-x86_64 | 1.0.0 | 123.00 | 107.00 | 230.00 | NOTE | |
r-patched-linux-x86_64 | 1.0.0 | 110.16 | 68.74 | 178.90 | NOTE | |
r-release-linux-x86_64 | 1.0.0 | 113.37 | 68.90 | 182.27 | NOTE | |
r-release-macos-arm64 | 1.0.0 | 74.00 | NOTE | |||
r-release-macos-x86_64 | 1.0.0 | 128.00 | NOTE | |||
r-release-windows-x86_64 | 1.0.0 | 123.00 | 141.00 | 264.00 | NOTE | |
r-oldrel-macos-arm64 | 1.0.0 | 76.00 | NOTE | |||
r-oldrel-macos-x86_64 | 1.0.0 | 92.00 | NOTE | |||
r-oldrel-windows-x86_64 | 1.0.0 | 146.00 | 129.00 | 275.00 | NOTE |
Version: 1.0.0
Check: CRAN incoming feasibility
Result: NOTE
Maintainer: ‘S. Gorsky <sgorsky@umass.edu>’
The Description field contains
information, see Gorsky, Chan and Ma (2020) <arXiv:2001.06451>.
Please refer to arXiv e-prints via their arXiv DOI <doi:10.48550/arXiv.YYMM.NNNNN>.
Flavors: r-devel-linux-x86_64-debian-clang, r-devel-linux-x86_64-debian-gcc
Version: 1.0.0
Check: C++ specification
Result: NOTE
Specified C++11: please drop specification unless essential
Flavors: r-devel-linux-x86_64-debian-clang, r-devel-linux-x86_64-debian-gcc, r-devel-linux-x86_64-fedora-clang, r-devel-linux-x86_64-fedora-gcc, r-devel-windows-x86_64, r-patched-linux-x86_64, r-release-linux-x86_64, r-release-macos-arm64, r-release-macos-x86_64, r-release-windows-x86_64, r-oldrel-macos-arm64, r-oldrel-macos-x86_64, r-oldrel-windows-x86_64
Version: 1.0.0
Check: installed package size
Result: NOTE
installed size is 16.2Mb
sub-directories of 1Mb or more:
doc 1.8Mb
libs 14.2Mb
Flavors: r-oldrel-macos-arm64, r-oldrel-macos-x86_64