Last updated on 2025-05-27 18:49:46 CEST.
Flavor | Version | Tinstall | Tcheck | Ttotal | Status | Flags |
---|---|---|---|---|---|---|
r-devel-linux-x86_64-debian-clang | 1.0.0 | 133.34 | 143.09 | 276.43 | OK | |
r-devel-linux-x86_64-debian-gcc | 1.0.0 | 113.84 | 114.45 | 228.29 | OK | |
r-devel-linux-x86_64-fedora-clang | 1.0.0 | 425.65 | NOTE | |||
r-devel-linux-x86_64-fedora-gcc | 1.0.0 | 489.64 | NOTE | |||
r-devel-windows-x86_64 | 1.0.0 | 145.00 | 164.00 | 309.00 | OK | |
r-patched-linux-x86_64 | 1.0.0 | 149.47 | 147.26 | 296.73 | OK | |
r-release-linux-x86_64 | 1.0.0 | 150.53 | 145.43 | 295.96 | OK | |
r-release-macos-arm64 | 1.0.0 | 108.00 | OK | |||
r-release-macos-x86_64 | 1.0.0 | 216.00 | OK | |||
r-release-windows-x86_64 | 1.0.0 | 141.00 | 168.00 | 309.00 | OK | |
r-oldrel-macos-arm64 | 1.0.0 | 63.00 | NOTE | |||
r-oldrel-macos-x86_64 | 1.0.0 | 114.00 | NOTE | |||
r-oldrel-windows-x86_64 | 1.0.0 | 171.00 | 203.00 | 374.00 | NOTE |
Version: 1.0.0
Check: dependencies in R code
Result: NOTE
Namespace in Imports field not imported from: ‘rstantools’
All declared Imports should be used.
Flavors: r-devel-linux-x86_64-fedora-clang, r-devel-linux-x86_64-fedora-gcc
Version: 1.0.0
Check: installed package size
Result: NOTE
installed size is 41.1Mb
sub-directories of 1Mb or more:
libs 40.8Mb
Flavors: r-oldrel-macos-arm64, r-oldrel-macos-x86_64
Version: 1.0.0
Check: for GNU extensions in Makefiles
Result: NOTE
GNU make is a SystemRequirements.
Flavors: r-oldrel-macos-arm64, r-oldrel-macos-x86_64, r-oldrel-windows-x86_64