Last updated on 2025-11-04 11:52:27 CET.
| Flavor | Version | Tinstall | Tcheck | Ttotal | Status | Flags | 
|---|---|---|---|---|---|---|
| r-devel-linux-x86_64-debian-clang | 1.0.0 | 123.24 | 155.98 | 279.22 | OK | |
| r-devel-linux-x86_64-debian-gcc | 1.0.0 | 119.26 | 123.39 | 242.65 | OK | |
| r-devel-linux-x86_64-fedora-clang | 1.0.0 | 300.00 | 149.64 | 449.64 | NOTE | |
| r-devel-linux-x86_64-fedora-gcc | 1.0.0 | 340.00 | 173.52 | 513.52 | NOTE | |
| r-devel-windows-x86_64 | 1.0.0 | 156.00 | 172.00 | 328.00 | OK | |
| r-patched-linux-x86_64 | 1.0.0 | 155.94 | 160.33 | 316.27 | OK | |
| r-release-linux-x86_64 | 1.0.0 | 157.31 | 159.26 | 316.57 | OK | |
| r-release-macos-arm64 | 1.0.0 | 53.00 | 55.00 | 108.00 | OK | |
| r-release-macos-x86_64 | 1.0.0 | 110.00 | 106.00 | 216.00 | OK | |
| r-release-windows-x86_64 | 1.0.0 | 146.00 | 165.00 | 311.00 | OK | |
| r-oldrel-macos-arm64 | 1.0.0 | 27.00 | 36.00 | 63.00 | NOTE | |
| r-oldrel-macos-x86_64 | 1.0.0 | 55.00 | 59.00 | 114.00 | NOTE | |
| r-oldrel-windows-x86_64 | 1.0.0 | 171.00 | 213.00 | 384.00 | NOTE | 
Version: 1.0.0
Check: dependencies in R code
Result: NOTE
  Namespace in Imports field not imported from: ‘rstantools’
    All declared Imports should be used.
Flavors: r-devel-linux-x86_64-fedora-clang, r-devel-linux-x86_64-fedora-gcc
Version: 1.0.0
Check: installed package size
Result: NOTE
    installed size is 41.1Mb
    sub-directories of 1Mb or more:
      libs  40.8Mb
Flavors: r-oldrel-macos-arm64, r-oldrel-macos-x86_64
Version: 1.0.0
Check: for GNU extensions in Makefiles
Result: NOTE
  GNU make is a SystemRequirements.
Flavors: r-oldrel-macos-arm64, r-oldrel-macos-x86_64, r-oldrel-windows-x86_64