Last updated on 2025-11-03 23:50:13 CET.
| Flavor | Version | Tinstall | Tcheck | Ttotal | Status | Flags | 
|---|---|---|---|---|---|---|
| r-devel-linux-x86_64-debian-clang | 2.1.4 | 24.43 | 163.33 | 187.76 | NOTE | |
| r-devel-linux-x86_64-debian-gcc | 2.1.4 | 14.44 | 109.80 | 124.24 | NOTE | |
| r-devel-linux-x86_64-fedora-clang | 2.1.4 | 49.00 | 237.42 | 286.42 | OK | |
| r-devel-linux-x86_64-fedora-gcc | 2.1.4 | 43.00 | 238.43 | 281.43 | OK | |
| r-devel-windows-x86_64 | 2.1.4 | 27.00 | 207.00 | 234.00 | OK | |
| r-patched-linux-x86_64 | 2.1.4 | 24.37 | 151.51 | 175.88 | OK | |
| r-release-linux-x86_64 | 2.1.4 | 21.11 | 153.54 | 174.65 | OK | |
| r-release-macos-arm64 | 2.1.4 | 9.00 | 78.00 | 87.00 | OK | |
| r-release-macos-x86_64 | 2.1.4 | 18.00 | 130.00 | 148.00 | OK | |
| r-release-windows-x86_64 | 2.1.4 | 28.00 | 201.00 | 229.00 | OK | |
| r-oldrel-macos-arm64 | 2.1.4 | 8.00 | 60.00 | 68.00 | OK | |
| r-oldrel-macos-x86_64 | 2.1.4 | 15.00 | 95.00 | 110.00 | OK | |
| r-oldrel-windows-x86_64 | 2.1.4 | 38.00 | 252.00 | 290.00 | OK | 
Version: 2.1.4
Check: CRAN incoming feasibility
Result: NOTE
  Maintainer: ‘Mohsin Vindhani <mohsin@utiligize.com>’
  
  Package CITATION file contains call(s) to old-style personList() or
  as.personList().  Please use c() on person objects instead.
  Package CITATION file contains call(s) to old-style citEntry().  Please
  use bibentry() instead.
Flavors: r-devel-linux-x86_64-debian-clang, r-devel-linux-x86_64-debian-gcc