CRAN Package Check Results for Package CGP

Last updated on 2025-07-14 00:48:20 CEST.

Flavor Version Tinstall Tcheck Ttotal Status Flags
r-devel-linux-x86_64-debian-clang 2.1-1 2.13 19.69 21.82 NOTE
r-devel-linux-x86_64-debian-gcc 2.1-1 1.68 16.56 18.24 NOTE
r-devel-linux-x86_64-fedora-clang 2.1-1 33.08 OK
r-devel-linux-x86_64-fedora-gcc 2.1-1 32.41 OK
r-devel-windows-x86_64 2.1-1 4.00 37.00 41.00 OK
r-patched-linux-x86_64 2.1-1 2.25 18.43 20.68 OK
r-release-linux-x86_64 2.1-1 1.83 18.58 20.41 OK
r-release-macos-arm64 2.1-1 17.00 OK
r-release-macos-x86_64 2.1-1 24.00 OK
r-release-windows-x86_64 2.1-1 4.00 38.00 42.00 OK
r-oldrel-macos-arm64 2.1-1 21.00 OK
r-oldrel-macos-x86_64 2.1-1 23.00 OK
r-oldrel-windows-x86_64 2.1-1 3.00 38.00 41.00 OK

Check Details

Version: 2.1-1
Check: CRAN incoming feasibility
Result: NOTE Maintainer: ‘Shan Ba <shanbatr@gmail.com>’ No Authors@R field in DESCRIPTION. Please add one, modifying Authors@R: c(person(given = "Shan", family = "Ba", role = c("aut", "cre"), email = "shanbatr@gmail.com"), person(given = c("V.", "Roshan"), family = "Joseph", role = "aut")) as necessary. Flavors: r-devel-linux-x86_64-debian-clang, r-devel-linux-x86_64-debian-gcc

mirror server hosted at Truenetwork, Russian Federation.