Last updated on 2025-11-04 11:52:26 CET.
| Flavor | Version | Tinstall | Tcheck | Ttotal | Status | Flags | 
|---|---|---|---|---|---|---|
| r-devel-linux-x86_64-debian-clang | 0.1.6 | 5.96 | 50.28 | 56.24 | NOTE | |
| r-devel-linux-x86_64-debian-gcc | 0.1.6 | 4.12 | 37.21 | 41.33 | NOTE | |
| r-devel-linux-x86_64-fedora-clang | 0.1.6 | 14.00 | 69.85 | 83.85 | OK | |
| r-devel-linux-x86_64-fedora-gcc | 0.1.6 | 28.00 | 56.68 | 84.68 | OK | |
| r-devel-windows-x86_64 | 0.1.6 | 8.00 | 64.00 | 72.00 | OK | |
| r-patched-linux-x86_64 | 0.1.6 | 5.84 | 44.45 | 50.29 | OK | |
| r-release-linux-x86_64 | 0.1.6 | 5.95 | 45.03 | 50.98 | OK | |
| r-release-macos-arm64 | 0.1.6 | 3.00 | 26.00 | 29.00 | OK | |
| r-release-macos-x86_64 | 0.1.6 | 5.00 | 44.00 | 49.00 | OK | |
| r-release-windows-x86_64 | 0.1.6 | 7.00 | 61.00 | 68.00 | OK | |
| r-oldrel-macos-arm64 | 0.1.6 | 3.00 | 23.00 | 26.00 | OK | |
| r-oldrel-macos-x86_64 | 0.1.6 | 9.00 | 57.00 | 66.00 | OK | |
| r-oldrel-windows-x86_64 | 0.1.6 | 12.00 | 74.00 | 86.00 | OK | 
Version: 0.1.6
Check: CRAN incoming feasibility
Result: NOTE
  Maintainer: ‘Yonghui Dong <yonghui.dong@gmail.com>’
  
  No Authors@R field in DESCRIPTION.
  Please add one, modifying
    Authors@R: person(given = "Yonghui",
                      family = "Dong",
                      role = c("aut", "cre"),
                      email = "yonghui.dong@gmail.com")
  as necessary.
Flavors: r-devel-linux-x86_64-debian-clang, r-devel-linux-x86_64-debian-gcc