CRAN Package Check Results for Package CATTexact

Last updated on 2025-05-27 18:49:46 CEST.

Flavor Version Tinstall Tcheck Ttotal Status Flags
r-devel-linux-x86_64-debian-clang 0.1.1 1.69 30.58 32.27 OK
r-devel-linux-x86_64-debian-gcc 0.1.1 1.38 23.71 25.09 OK
r-devel-linux-x86_64-fedora-clang 0.1.1 50.11 OK
r-devel-linux-x86_64-fedora-gcc 0.1.1 47.51 OK
r-devel-windows-x86_64 0.1.1 4.00 60.00 64.00 OK
r-patched-linux-x86_64 0.1.1 1.93 27.84 29.77 OK
r-release-linux-x86_64 0.1.1 2.01 27.44 29.45 OK
r-release-macos-arm64 0.1.1 22.00 OK
r-release-macos-x86_64 0.1.1 42.00 OK
r-release-windows-x86_64 0.1.1 4.00 61.00 65.00 OK
r-oldrel-macos-arm64 0.1.1 25.00 NOTE
r-oldrel-macos-x86_64 0.1.1 36.00 NOTE
r-oldrel-windows-x86_64 0.1.1 3.00 66.00 69.00 NOTE

Check Details

Version: 0.1.1
Check: LazyData
Result: NOTE 'LazyData' is specified without a 'data' directory Flavors: r-oldrel-macos-arm64, r-oldrel-macos-x86_64, r-oldrel-windows-x86_64

mirror server hosted at Truenetwork, Russian Federation.