Last updated on 2025-11-04 11:52:26 CET.
| Flavor | Version | Tinstall | Tcheck | Ttotal | Status | Flags | 
|---|---|---|---|---|---|---|
| r-devel-linux-x86_64-debian-clang | 3.0 | 2.67 | 25.46 | 28.13 | NOTE | |
| r-devel-linux-x86_64-debian-gcc | 3.0 | 2.21 | 20.42 | 22.63 | NOTE | |
| r-devel-linux-x86_64-fedora-clang | 3.0 | 41.89 | OK | |||
| r-devel-linux-x86_64-fedora-gcc | 3.0 | 41.48 | OK | |||
| r-devel-windows-x86_64 | 3.0 | 4.00 | 44.00 | 48.00 | OK | |
| r-patched-linux-x86_64 | 3.0 | 2.77 | 24.24 | 27.01 | OK | |
| r-release-linux-x86_64 | 3.0 | 2.75 | 23.94 | 26.69 | OK | |
| r-release-macos-arm64 | 3.0 | 2.00 | 19.00 | 21.00 | OK | |
| r-release-macos-x86_64 | 3.0 | 2.00 | 27.00 | 29.00 | OK | |
| r-release-windows-x86_64 | 3.0 | 4.00 | 43.00 | 47.00 | OK | |
| r-oldrel-macos-arm64 | 3.0 | 1.00 | 16.00 | 17.00 | OK | |
| r-oldrel-macos-x86_64 | 3.0 | 2.00 | 23.00 | 25.00 | OK | |
| r-oldrel-windows-x86_64 | 3.0 | 5.00 | 49.00 | 54.00 | OK | 
Version: 3.0
Check: CRAN incoming feasibility
Result: NOTE
  Maintainer: ‘Duncan Lee <Duncan.Lee@glasgow.ac.uk>’
  
  No Authors@R field in DESCRIPTION.
  Please add one, modifying
    Authors@R: person(given = "Duncan",
                      family = "Lee",
                      role = c("aut", "cre"),
                      email = "duncan.lee@glasgow.ac.uk")
  as necessary.
Flavors: r-devel-linux-x86_64-debian-clang, r-devel-linux-x86_64-debian-gcc