CRAN Package Check Results for Package CAMML

Last updated on 2025-05-22 18:52:01 CEST.

Flavor Version Tinstall Tcheck Ttotal Status Flags
r-devel-linux-x86_64-debian-clang 1.0.0 44.02 357.19 401.21 NOTE
r-devel-linux-x86_64-debian-gcc 1.0.0 30.13 247.21 277.34 NOTE
r-devel-linux-x86_64-fedora-clang 1.0.0 647.17 OK
r-devel-linux-x86_64-fedora-gcc 1.0.0 627.05 OK
r-devel-windows-x86_64 1.0.0 40.00 332.00 372.00 NOTE
r-patched-linux-x86_64 1.0.0 40.28 334.34 374.62 NOTE
r-release-linux-x86_64 1.0.0 41.12 335.22 376.34 NOTE
r-release-macos-arm64 1.0.0 4.00 ERROR
r-release-macos-x86_64 1.0.0 6.00 ERROR
r-release-windows-x86_64 1.0.0 42.00 426.00 468.00 NOTE
r-oldrel-macos-arm64 1.0.0 9.00 ERROR
r-oldrel-macos-x86_64 1.0.0 259.00 OK
r-oldrel-windows-x86_64 1.0.0 56.00 408.00 464.00 OK

Check Details

Version: 1.0.0
Check: Rd cross-references
Result: NOTE Found the following Rd file(s) with Rd \link{} targets missing package anchors: BuildGeneSets.Rd: edgeR, org.Hs.eg.db, org.Mm.eg.db CAMML.Rd: vamForSeurat ChIMP.Rd: vamForSeurat GetGeneSets.Rd: org.Hs.eg.db, org.Mm.eg.db Please provide package anchors for all Rd \link{} targets not in the package itself and the base packages. Flavors: r-devel-linux-x86_64-debian-clang, r-devel-linux-x86_64-debian-gcc, r-devel-windows-x86_64, r-patched-linux-x86_64, r-release-linux-x86_64, r-release-windows-x86_64

Version: 1.0.0
Check: package dependencies
Result: ERROR Packages required but not available: 'org.Hs.eg.db', 'org.Dr.eg.db', 'org.Mm.eg.db' See section ‘The DESCRIPTION file’ in the ‘Writing R Extensions’ manual. Flavor: r-release-macos-arm64

Version: 1.0.0
Check: package dependencies
Result: ERROR Packages required but not available: 'org.Dr.eg.db', 'org.Mm.eg.db' See section ‘The DESCRIPTION file’ in the ‘Writing R Extensions’ manual. Flavors: r-release-macos-x86_64, r-oldrel-macos-arm64

mirror server hosted at Truenetwork, Russian Federation.