Last updated on 2025-02-21 17:50:37 CET.
Flavor | Version | Tinstall | Tcheck | Ttotal | Status | Flags |
---|---|---|---|---|---|---|
r-devel-linux-x86_64-debian-clang | 3.0.1 | 132.09 | 107.86 | 239.95 | NOTE | |
r-devel-linux-x86_64-debian-gcc | 3.0.1 | 98.04 | 72.29 | 170.33 | NOTE | |
r-devel-linux-x86_64-fedora-clang | 3.0.1 | 467.08 | NOTE | |||
r-devel-linux-x86_64-fedora-gcc | 3.0.1 | 462.25 | NOTE | |||
r-devel-macos-arm64 | 3.0.1 | 88.00 | OK | |||
r-devel-macos-x86_64 | 3.0.1 | 132.00 | NOTE | |||
r-devel-windows-x86_64 | 3.0.1 | 135.00 | 126.00 | 261.00 | NOTE | |
r-patched-linux-x86_64 | 3.0.1 | 135.45 | 104.22 | 239.67 | OK | |
r-release-linux-x86_64 | 3.0.1 | 135.15 | 101.24 | 236.39 | OK | |
r-release-macos-arm64 | 3.0.1 | 92.00 | NOTE | |||
r-release-macos-x86_64 | 3.0.1 | 165.00 | NOTE | |||
r-release-windows-x86_64 | 3.0.1 | 136.00 | 130.00 | 266.00 | OK | |
r-oldrel-macos-arm64 | 3.0.1 | 110.00 | NOTE | |||
r-oldrel-macos-x86_64 | 3.0.1 | 148.00 | NOTE | |||
r-oldrel-windows-x86_64 | 3.0.1 | 162.00 | 143.00 | 305.00 | OK |
Version: 3.0.1
Check: DESCRIPTION meta-information
Result: NOTE
Missing dependency on R >= 4.1.0 because package code uses the pipe
|> or function shorthand \(...) syntax added in R 4.1.0.
File(s) using such syntax:
‘BranchGLM.R’ ‘BranchGLMTable.R’ ‘VariableImportance.R’
‘VariableImportance.boot.R’ ‘summaryBranchGLMVS.R’
Flavors: r-devel-linux-x86_64-debian-clang, r-devel-linux-x86_64-debian-gcc, r-devel-linux-x86_64-fedora-clang, r-devel-linux-x86_64-fedora-gcc, r-devel-macos-x86_64, r-devel-windows-x86_64
Version: 3.0.1
Check: installed package size
Result: NOTE
installed size is 9.8Mb
sub-directories of 1Mb or more:
libs 9.1Mb
Flavors: r-release-macos-arm64, r-release-macos-x86_64, r-oldrel-macos-arm64, r-oldrel-macos-x86_64