Last updated on 2025-11-04 05:51:06 CET.
| Flavor | Version | Tinstall | Tcheck | Ttotal | Status | Flags | 
|---|---|---|---|---|---|---|
| r-devel-linux-x86_64-debian-clang | 1.1.3 | 20.03 | 169.30 | 189.33 | NOTE | |
| r-devel-linux-x86_64-debian-gcc | 1.1.3 | 14.87 | 120.32 | 135.19 | NOTE | |
| r-devel-linux-x86_64-fedora-clang | 1.1.3 | 168.00 | 155.23 | 323.23 | OK | |
| r-devel-linux-x86_64-fedora-gcc | 1.1.3 | 40.00 | 257.72 | 297.72 | OK | |
| r-devel-windows-x86_64 | 1.1.3 | 2.00 | 6.00 | 8.00 | ERROR | |
| r-patched-linux-x86_64 | 1.1.3 | 17.03 | 158.46 | 175.49 | OK | |
| r-release-linux-x86_64 | 1.1.3 | 15.22 | 162.02 | 177.24 | OK | |
| r-release-macos-arm64 | 1.1.3 | 10.00 | 81.00 | 91.00 | OK | |
| r-release-macos-x86_64 | 1.1.3 | 17.00 | 160.00 | 177.00 | OK | |
| r-release-windows-x86_64 | 1.1.3 | 2.00 | 5.00 | 7.00 | ERROR | |
| r-oldrel-macos-arm64 | 1.1.3 | 10.00 | 74.00 | 84.00 | OK | |
| r-oldrel-macos-x86_64 | 1.1.3 | 15.00 | 111.00 | 126.00 | OK | |
| r-oldrel-windows-x86_64 | 1.1.3 | 29.00 | 196.00 | 225.00 | OK | 
Version: 1.1.3
Check: CRAN incoming feasibility
Result: NOTE
  Maintainer: ‘Tim Hulsen <thulsen@gmail.com>’
  
  Package CITATION file contains call(s) to old-style personList() or
  as.personList().  Please use c() on person objects instead.
Flavors: r-devel-linux-x86_64-debian-clang, r-devel-linux-x86_64-debian-gcc
Version: 1.1.3
Check: whether package can be installed
Result: ERROR
  Installation failed.
Flavors: r-devel-windows-x86_64, r-release-windows-x86_64