Last updated on 2025-11-04 05:51:05 CET.
| Flavor | Version | Tinstall | Tcheck | Ttotal | Status | Flags | 
|---|---|---|---|---|---|---|
| r-devel-linux-x86_64-debian-clang | 1.2.0 | 3.36 | 24.92 | 28.28 | OK | |
| r-devel-linux-x86_64-debian-gcc | 1.2.0 | 2.37 | 19.43 | 21.80 | OK | |
| r-devel-linux-x86_64-fedora-clang | 1.2.0 | 41.94 | NOTE | |||
| r-devel-linux-x86_64-fedora-gcc | 1.2.0 | 40.37 | NOTE | |||
| r-devel-windows-x86_64 | 1.2.0 | 8.00 | 49.00 | 57.00 | OK | |
| r-patched-linux-x86_64 | 1.2.0 | 3.33 | 23.29 | 26.62 | OK | |
| r-release-linux-x86_64 | 1.2.0 | 2.95 | 24.04 | 26.99 | OK | |
| r-release-macos-arm64 | 1.2.0 | 3.00 | 15.00 | 18.00 | OK | |
| r-release-macos-x86_64 | 1.2.0 | 8.00 | 36.00 | 44.00 | OK | |
| r-release-windows-x86_64 | 1.2.0 | 8.00 | 45.00 | 53.00 | OK | |
| r-oldrel-macos-arm64 | 1.2.0 | 3.00 | 19.00 | 22.00 | OK | |
| r-oldrel-macos-x86_64 | 1.2.0 | 5.00 | 31.00 | 36.00 | OK | |
| r-oldrel-windows-x86_64 | 1.2.0 | 6.00 | 46.00 | 52.00 | OK | 
Version: 1.2.0
Check: compiled code
Result: NOTE
  File ‘BenfordTests/libs/BenfordTests.so’:
    Found no calls to: ‘R_registerRoutines’, ‘R_useDynamicSymbols’
  
  It is good practice to register native routines and to disable symbol
  search.
  
  See ‘Writing portable packages’ in the ‘Writing R Extensions’ manual.
Flavors: r-devel-linux-x86_64-fedora-clang, r-devel-linux-x86_64-fedora-gcc