CRAN Package Check Results for Package BayesianGLasso

Last updated on 2025-05-22 18:52:00 CEST.

Flavor Version Tinstall Tcheck Ttotal Status Flags
r-devel-linux-x86_64-debian-clang 0.2.0 1.56 17.47 19.03 OK
r-devel-linux-x86_64-debian-gcc 0.2.0 1.35 13.82 15.17 OK
r-devel-linux-x86_64-fedora-clang 0.2.0 30.66 OK
r-devel-linux-x86_64-fedora-gcc 0.2.0 29.45 OK
r-devel-windows-x86_64 0.2.0 3.00 45.00 48.00 OK
r-patched-linux-x86_64 0.2.0 1.55 16.46 18.01 OK
r-release-linux-x86_64 0.2.0 1.43 16.90 18.33 OK
r-release-macos-arm64 0.2.0 14.00 OK
r-release-macos-x86_64 0.2.0 28.00 OK
r-release-windows-x86_64 0.2.0 3.00 53.00 56.00 OK
r-oldrel-macos-arm64 0.2.0 20.00 NOTE
r-oldrel-macos-x86_64 0.2.0 20.00 NOTE
r-oldrel-windows-x86_64 0.2.0 2.00 41.00 43.00 NOTE

Check Details

Version: 0.2.0
Check: LazyData
Result: NOTE 'LazyData' is specified without a 'data' directory Flavors: r-oldrel-macos-arm64, r-oldrel-macos-x86_64, r-oldrel-windows-x86_64

mirror server hosted at Truenetwork, Russian Federation.