Last updated on 2025-07-16 00:49:36 CEST.
Flavor | Version | Tinstall | Tcheck | Ttotal | Status | Flags |
---|---|---|---|---|---|---|
r-devel-linux-x86_64-debian-clang | 0.10.1 | 59.31 | 132.94 | 192.25 | OK | |
r-devel-linux-x86_64-debian-gcc | 0.10.1 | 47.09 | 100.28 | 147.37 | OK | |
r-devel-linux-x86_64-fedora-clang | 0.10.1 | 317.63 | OK | |||
r-devel-linux-x86_64-fedora-gcc | 0.10.1 | 346.71 | OK | |||
r-devel-windows-x86_64 | 0.10.1 | 70.00 | 159.00 | 229.00 | OK | |
r-patched-linux-x86_64 | 0.10.1 | 71.40 | 131.90 | 203.30 | OK | |
r-release-linux-x86_64 | 0.10.1 | 66.49 | 132.12 | 198.61 | OK | |
r-release-macos-arm64 | 0.10.1 | 82.00 | OK | |||
r-release-macos-x86_64 | 0.10.1 | 101.00 | OK | |||
r-release-windows-x86_64 | 0.10.1 | 71.00 | 161.00 | 232.00 | OK | |
r-oldrel-macos-arm64 | 0.10.1 | 75.00 | NOTE | |||
r-oldrel-macos-x86_64 | 0.10.1 | 125.00 | NOTE | |||
r-oldrel-windows-x86_64 | 0.10.1 | 86.00 | 196.00 | 282.00 | OK |
Version: 0.10.1
Check: package dependencies
Result: NOTE
Package suggested but not available for checking: ‘INLA’
Flavors: r-oldrel-macos-arm64, r-oldrel-macos-x86_64
Version: 0.10.1
Check: installed package size
Result: NOTE
installed size is 17.3Mb
sub-directories of 1Mb or more:
libs 16.6Mb
Flavors: r-oldrel-macos-arm64, r-oldrel-macos-x86_64