Last updated on 2025-11-03 11:49:36 CET.
| Flavor | Version | Tinstall | Tcheck | Ttotal | Status | Flags |
|---|---|---|---|---|---|---|
| r-devel-linux-x86_64-debian-clang | 0.10.1 | 66.52 | 136.20 | 202.72 | OK | |
| r-devel-linux-x86_64-debian-gcc | 0.10.1 | 49.58 | 100.41 | 149.99 | OK | |
| r-devel-linux-x86_64-fedora-clang | 0.10.1 | 160.00 | 162.81 | 322.81 | OK | |
| r-devel-linux-x86_64-fedora-gcc | 0.10.1 | 133.00 | 201.72 | 334.72 | OK | |
| r-devel-windows-x86_64 | 0.10.1 | 71.00 | 160.00 | 231.00 | OK | |
| r-patched-linux-x86_64 | 0.10.1 | 67.16 | 134.65 | 201.81 | OK | |
| r-release-linux-x86_64 | 0.10.1 | 64.99 | 133.65 | 198.64 | OK | |
| r-release-macos-arm64 | 0.10.1 | 27.00 | 55.00 | 82.00 | OK | |
| r-release-macos-x86_64 | 0.10.1 | 35.00 | 66.00 | 101.00 | OK | |
| r-release-windows-x86_64 | 0.10.1 | 68.00 | 155.00 | 223.00 | OK | |
| r-oldrel-macos-arm64 | 0.10.1 | 23.00 | 52.00 | 75.00 | NOTE | |
| r-oldrel-macos-x86_64 | 0.10.1 | 37.00 | 88.00 | 125.00 | NOTE | |
| r-oldrel-windows-x86_64 | 0.10.1 | 87.00 | 203.00 | 290.00 | OK |
Version: 0.10.1
Check: package dependencies
Result: NOTE
Package suggested but not available for checking: ‘INLA’
Flavors: r-oldrel-macos-arm64, r-oldrel-macos-x86_64
Version: 0.10.1
Check: installed package size
Result: NOTE
installed size is 17.3Mb
sub-directories of 1Mb or more:
libs 16.6Mb
Flavors: r-oldrel-macos-arm64, r-oldrel-macos-x86_64