CRAN Package Check Results for Package BayesReversePLLH

Last updated on 2025-05-22 06:51:40 CEST.

Flavor Version Tinstall Tcheck Ttotal Status Flags
r-devel-linux-x86_64-debian-clang 1.5 28.91 24.50 53.41 NOTE
r-devel-linux-x86_64-debian-gcc 1.5 19.65 19.89 39.54 NOTE
r-devel-linux-x86_64-fedora-clang 1.5 96.07 NOTE
r-devel-linux-x86_64-fedora-gcc 1.5 98.82 NOTE
r-devel-windows-x86_64 1.5 31.00 90.00 121.00 NOTE
r-patched-linux-x86_64 1.5 29.80 23.94 53.74 NOTE
r-release-linux-x86_64 1.5 29.66 23.87 53.53 NOTE
r-release-macos-arm64 1.5 33.00 NOTE
r-release-macos-x86_64 1.5 49.00 NOTE
r-release-windows-x86_64 1.5 33.00 111.00 144.00 NOTE
r-oldrel-macos-arm64 1.5 34.00 NOTE
r-oldrel-macos-x86_64 1.5 44.00 NOTE
r-oldrel-windows-x86_64 1.5 38.00 81.00 119.00 NOTE

Check Details

Version: 1.5
Check: CRAN incoming feasibility
Result: NOTE Maintainer: ‘Andrew G Chapple <achapp@lsuhsc.edu>’ No Authors@R field in DESCRIPTION. Please add one, modifying Authors@R: person(given = c("Andrew", "G"), family = "Chapple", role = c("aut", "cre"), email = "achapp@lsuhsc.edu") as necessary. Flavors: r-devel-linux-x86_64-debian-clang, r-devel-linux-x86_64-debian-gcc

Version: 1.5
Check: C++ specification
Result: NOTE Specified C++11: please drop specification unless essential Flavors: r-devel-linux-x86_64-debian-clang, r-devel-linux-x86_64-debian-gcc, r-devel-linux-x86_64-fedora-clang, r-devel-linux-x86_64-fedora-gcc, r-devel-windows-x86_64, r-patched-linux-x86_64, r-release-linux-x86_64, r-release-macos-arm64, r-release-macos-x86_64, r-release-windows-x86_64, r-oldrel-macos-arm64, r-oldrel-macos-x86_64, r-oldrel-windows-x86_64

mirror server hosted at Truenetwork, Russian Federation.