Last updated on 2025-11-04 11:52:25 CET.
| Flavor | Version | Tinstall | Tcheck | Ttotal | Status | Flags | 
|---|---|---|---|---|---|---|
| r-devel-linux-x86_64-debian-clang | 1.6.1 | 19.89 | 145.84 | 165.73 | NOTE | |
| r-devel-linux-x86_64-debian-gcc | 1.6.1 | 14.05 | 102.62 | 116.67 | NOTE | |
| r-devel-linux-x86_64-fedora-clang | 1.6.1 | 152.00 | 130.03 | 282.03 | OK | |
| r-devel-linux-x86_64-fedora-gcc | 1.6.1 | 56.00 | 205.91 | 261.91 | OK | |
| r-devel-windows-x86_64 | 1.6.1 | 19.00 | 132.00 | 151.00 | OK | |
| r-patched-linux-x86_64 | 1.6.1 | 18.99 | 136.23 | 155.22 | OK | |
| r-release-linux-x86_64 | 1.6.1 | 18.17 | 136.45 | 154.62 | OK | |
| r-release-macos-arm64 | 1.6.1 | 7.00 | 56.00 | 63.00 | OK | |
| r-release-macos-x86_64 | 1.6.1 | 24.00 | 163.00 | 187.00 | OK | |
| r-release-windows-x86_64 | 1.6.1 | 17.00 | 128.00 | 145.00 | OK | |
| r-oldrel-macos-arm64 | 1.6.1 | 7.00 | 50.00 | 57.00 | OK | |
| r-oldrel-macos-x86_64 | 1.6.1 | 11.00 | 76.00 | 87.00 | OK | |
| r-oldrel-windows-x86_64 | 1.6.1 | 26.00 | 180.00 | 206.00 | OK | 
Version: 1.6.1
Check: CRAN incoming feasibility
Result: NOTE
  Maintainer: ‘Han Yu <hyu9@buffalo.edu>’
  
  No Authors@R field in DESCRIPTION.
  Please add one, modifying
    Authors@R: c(person(given = "Han",
                        family = "Yu",
                        role = c("aut", "cre"),
                        email = "hyu9@buffalo.edu"),
                 person(given = "Rachael",
                        family = "Blair",
                        role = "aut"),
                 person(given = "Janhavi",
                        family = "Moharil",
                        role = "aut"),
                 person(given = "Andrew",
                        family = "Yan",
                        role = "aut"))
  as necessary.
Flavors: r-devel-linux-x86_64-debian-clang, r-devel-linux-x86_64-debian-gcc