Last updated on 2025-11-04 05:51:05 CET.
| Flavor | Version | Tinstall | Tcheck | Ttotal | Status | Flags | 
|---|---|---|---|---|---|---|
| r-devel-linux-x86_64-debian-clang | 0.1.3 | 84.36 | 123.62 | 207.98 | OK | |
| r-devel-linux-x86_64-debian-gcc | 0.1.3 | 74.52 | 91.87 | 166.39 | OK | |
| r-devel-linux-x86_64-fedora-clang | 0.1.3 | 362.00 | -30.29 | 331.71 | OK | |
| r-devel-linux-x86_64-fedora-gcc | 0.1.3 | 245.00 | 147.42 | 392.42 | OK | |
| r-devel-windows-x86_64 | 0.1.3 | 86.00 | 147.00 | 233.00 | OK | |
| r-patched-linux-x86_64 | 0.1.3 | 96.09 | 120.98 | 217.07 | OK | |
| r-release-linux-x86_64 | 0.1.3 | 95.96 | 122.73 | 218.69 | OK | |
| r-release-macos-arm64 | 0.1.3 | 37.00 | 75.00 | 112.00 | OK | |
| r-release-macos-x86_64 | 0.1.3 | 89.00 | 116.00 | 205.00 | OK | |
| r-release-windows-x86_64 | 0.1.3 | 89.00 | 144.00 | 233.00 | OK | |
| r-oldrel-macos-arm64 | 0.1.3 | 22.00 | 218.00 | 240.00 | NOTE | |
| r-oldrel-macos-x86_64 | 0.1.3 | 45.00 | 256.00 | 301.00 | NOTE | |
| r-oldrel-windows-x86_64 | 0.1.3 | 109.00 | 199.00 | 308.00 | NOTE | 
Version: 0.1.3
Check: installed package size
Result: NOTE
    installed size is 45.0Mb
    sub-directories of 1Mb or more:
      libs  43.9Mb
Flavors: r-oldrel-macos-arm64, r-oldrel-macos-x86_64, r-oldrel-windows-x86_64