Last updated on 2025-02-22 11:51:20 CET.
Flavor | Version | Tinstall | Tcheck | Ttotal | Status | Flags |
---|---|---|---|---|---|---|
r-devel-linux-x86_64-debian-clang | 0.9.12-4.7 | 181.15 | 362.68 | 543.83 | OK | |
r-devel-linux-x86_64-debian-gcc | 0.9.12-4.7 | 130.65 | 256.66 | 387.31 | OK | |
r-devel-linux-x86_64-fedora-clang | 0.9.12-4.7 | 893.92 | OK | |||
r-devel-linux-x86_64-fedora-gcc | 0.9.12-4.7 | 870.03 | OK | |||
r-devel-macos-arm64 | 0.9.12-4.7 | 197.00 | OK | |||
r-devel-macos-x86_64 | 0.9.12-4.7 | 346.00 | OK | |||
r-devel-windows-x86_64 | 0.9.12-4.7 | 186.00 | 275.00 | 461.00 | OK | |
r-patched-linux-x86_64 | 0.9.12-4.7 | 179.15 | 359.17 | 538.32 | OK | |
r-release-linux-x86_64 | 0.9.12-4.7 | 188.74 | 356.39 | 545.13 | OK | |
r-release-macos-arm64 | 0.9.12-4.7 | 186.00 | NOTE | |||
r-release-macos-x86_64 | 0.9.12-4.7 | 237.00 | NOTE | |||
r-release-windows-x86_64 | 0.9.12-4.7 | 191.00 | 280.00 | 471.00 | NOTE | |
r-oldrel-macos-arm64 | 0.9.12-4.7 | 190.00 | NOTE | |||
r-oldrel-macos-x86_64 | 0.9.12-4.7 | 399.00 | NOTE | |||
r-oldrel-windows-x86_64 | 0.9.12-4.7 | 230.00 | 353.00 | 583.00 | NOTE |
Version: 0.9.12-4.7
Check: installed package size
Result: NOTE
installed size is 31.8Mb
sub-directories of 1Mb or more:
doc 10.9Mb
libs 19.8Mb
Flavors: r-release-macos-arm64, r-release-macos-x86_64, r-release-windows-x86_64, r-oldrel-macos-arm64, r-oldrel-macos-x86_64, r-oldrel-windows-x86_64
Version: 0.9.12-4.7
Check: package dependencies
Result: NOTE
Package suggested but not available for checking: 'doMC'
Flavors: r-release-windows-x86_64, r-oldrel-windows-x86_64