CRAN Package Check Results for Package BayesBP

Last updated on 2025-07-16 00:49:36 CEST.

Flavor Version Tinstall Tcheck Ttotal Status Flags
r-devel-linux-x86_64-debian-clang 1.1 2.97 38.90 41.87 NOTE
r-devel-linux-x86_64-debian-gcc 1.1 2.46 30.73 33.19 NOTE
r-devel-linux-x86_64-fedora-clang 1.1 67.72 OK
r-devel-linux-x86_64-fedora-gcc 1.1 70.57 OK
r-devel-windows-x86_64 1.1 4.00 72.00 76.00 OK
r-patched-linux-x86_64 1.1 3.64 37.45 41.09 OK
r-release-linux-x86_64 1.1 3.45 37.13 40.58 OK
r-release-macos-arm64 1.1 26.00 OK
r-release-macos-x86_64 1.1 62.00 OK
r-release-windows-x86_64 1.1 6.00 68.00 74.00 OK
r-oldrel-macos-arm64 1.1 30.00 OK
r-oldrel-macos-x86_64 1.1 41.00 OK
r-oldrel-windows-x86_64 1.1 6.00 78.00 84.00 OK

Check Details

Version: 1.1
Check: CRAN incoming feasibility
Result: NOTE Maintainer: ‘Li-Syuan Hong <lisyuan@nhri.org.tw>’ No Authors@R field in DESCRIPTION. Please add one, modifying Authors@R: person(given = "Li-Syuan", family = "Hong", role = c("aut", "cre"), email = "lisyuan@nhri.org.tw") as necessary. Flavors: r-devel-linux-x86_64-debian-clang, r-devel-linux-x86_64-debian-gcc

mirror server hosted at Truenetwork, Russian Federation.