Last updated on 2025-11-04 13:50:11 CET.
| Flavor | Version | Tinstall | Tcheck | Ttotal | Status | Flags |
|---|---|---|---|---|---|---|
| r-devel-linux-x86_64-debian-clang | 2024.11.1 | 11.15 | 101.29 | 112.44 | OK | |
| r-devel-linux-x86_64-debian-gcc | 2024.11.1 | 8.57 | 69.67 | 78.24 | OK | |
| r-devel-linux-x86_64-fedora-clang | 2024.11.1 | 46.00 | 136.28 | 182.28 | OK | |
| r-devel-linux-x86_64-fedora-gcc | 2024.11.1 | 25.00 | 155.13 | 180.13 | OK | |
| r-devel-windows-x86_64 | 2024.11.1 | 14.00 | 103.00 | 117.00 | OK | |
| r-patched-linux-x86_64 | 2024.11.1 | 11.95 | 93.89 | 105.84 | OK | |
| r-release-linux-x86_64 | 2024.11.1 | 11.09 | 94.34 | 105.43 | OK | |
| r-release-macos-arm64 | 2024.11.1 | 6.00 | 70.00 | 76.00 | OK | |
| r-release-macos-x86_64 | 2024.11.1 | 10.00 | 99.00 | 109.00 | OK | |
| r-release-windows-x86_64 | 2024.11.1 | 14.00 | 100.00 | 114.00 | OK | |
| r-oldrel-macos-arm64 | 2024.11.1 | 5.00 | 46.00 | 51.00 | NOTE | |
| r-oldrel-macos-x86_64 | 2024.11.1 | 9.00 | 76.00 | 85.00 | NOTE | |
| r-oldrel-windows-x86_64 | 2024.11.1 | 19.00 | 128.00 | 147.00 | NOTE |
Version: 2024.11.1
Check: installed package size
Result: NOTE
installed size is 5.3Mb
sub-directories of 1Mb or more:
doc 4.9Mb
Flavors: r-oldrel-macos-arm64, r-oldrel-macos-x86_64, r-oldrel-windows-x86_64