Last updated on 2025-04-14 18:50:16 CEST.
Flavor | Version | Tinstall | Tcheck | Ttotal | Status | Flags |
---|---|---|---|---|---|---|
r-devel-linux-x86_64-debian-clang | 2024.11.1 | 11.24 | 83.83 | 95.07 | OK | |
r-devel-linux-x86_64-debian-gcc | 2024.11.1 | 8.35 | 57.64 | 65.99 | OK | |
r-devel-linux-x86_64-fedora-clang | 2024.11.1 | 153.24 | OK | |||
r-devel-linux-x86_64-fedora-gcc | 2024.11.1 | 157.33 | OK | |||
r-devel-windows-x86_64 | 2024.11.1 | 14.00 | 90.00 | 104.00 | OK | |
r-patched-linux-x86_64 | 2024.11.1 | 10.10 | 79.61 | 89.71 | OK | |
r-release-linux-x86_64 | 2024.11.1 | 7.87 | 79.49 | 87.36 | OK | |
r-release-macos-arm64 | 2024.11.1 | 76.00 | OK | |||
r-release-macos-x86_64 | 2024.11.1 | 109.00 | OK | |||
r-release-windows-x86_64 | 2024.11.1 | 16.00 | 114.00 | 130.00 | NOTE | |
r-oldrel-macos-arm64 | 2024.11.1 | 51.00 | NOTE | |||
r-oldrel-macos-x86_64 | 2024.11.1 | 85.00 | NOTE | |||
r-oldrel-windows-x86_64 | 2024.11.1 | 16.00 | 114.00 | 130.00 | NOTE |
Version: 2024.11.1
Check: installed package size
Result: NOTE
installed size is 5.2Mb
sub-directories of 1Mb or more:
doc 4.9Mb
Flavors: r-release-windows-x86_64, r-oldrel-macos-arm64, r-oldrel-macos-x86_64, r-oldrel-windows-x86_64
mirror server hosted at Truenetwork, Russian Federation.