Last updated on 2025-11-04 05:51:06 CET.
| Flavor | Version | Tinstall | Tcheck | Ttotal | Status | Flags | 
|---|---|---|---|---|---|---|
| r-devel-linux-x86_64-debian-clang | 1.1.0 | 9.81 | 83.73 | 93.54 | NOTE | |
| r-devel-linux-x86_64-debian-gcc | 1.1.0 | 6.73 | 60.71 | 67.44 | NOTE | |
| r-devel-linux-x86_64-fedora-clang | 1.1.0 | 22.00 | 124.48 | 146.48 | OK | |
| r-devel-linux-x86_64-fedora-gcc | 1.1.0 | 20.00 | 123.32 | 143.32 | OK | |
| r-devel-windows-x86_64 | 1.1.0 | 11.00 | 90.00 | 101.00 | OK | |
| r-patched-linux-x86_64 | 1.1.0 | 8.00 | 80.29 | 88.29 | OK | |
| r-release-linux-x86_64 | 1.1.0 | 7.56 | 81.24 | 88.80 | OK | |
| r-release-macos-arm64 | 1.1.0 | 4.00 | 45.00 | 49.00 | OK | |
| r-release-macos-x86_64 | 1.1.0 | 9.00 | 77.00 | 86.00 | OK | |
| r-release-windows-x86_64 | 1.1.0 | 10.00 | 87.00 | 97.00 | OK | |
| r-oldrel-macos-arm64 | 1.1.0 | 4.00 | 33.00 | 37.00 | OK | |
| r-oldrel-macos-x86_64 | 1.1.0 | 6.00 | 56.00 | 62.00 | OK | |
| r-oldrel-windows-x86_64 | 1.1.0 | 12.00 | 113.00 | 125.00 | OK | 
Version: 1.1.0
Check: CRAN incoming feasibility
Result: NOTE
  Maintainer: ‘Jorge Sicacha-Parada <jasicachap@unal.edu.co>’
  
  No Authors@R field in DESCRIPTION.
  Please add one, modifying
    Authors@R: c(person(given = "Jorge",
                        family = "Sicacha-Parada",
                        role = c("aut", "cre"),
                        email = "jasicachap@unal.edu.co"),
                 person(given = "Edilberto",
                        family = "Cepeda-Cuervo",
                        role = "aut"))
  as necessary.
Flavors: r-devel-linux-x86_64-debian-clang, r-devel-linux-x86_64-debian-gcc