Last updated on 2025-02-21 17:50:37 CET.
Flavor | Version | Tinstall | Tcheck | Ttotal | Status | Flags |
---|---|---|---|---|---|---|
r-devel-linux-x86_64-debian-clang | 3.2.5 | 34.58 | 107.04 | 141.62 | OK | |
r-devel-linux-x86_64-debian-gcc | 3.2.5 | 25.19 | 75.70 | 100.89 | OK | |
r-devel-linux-x86_64-fedora-clang | 3.2.5 | 252.99 | OK | |||
r-devel-linux-x86_64-fedora-gcc | 3.2.5 | 222.84 | OK | |||
r-devel-macos-arm64 | 3.2.5 | 60.00 | OK | |||
r-devel-macos-x86_64 | 3.2.5 | 135.00 | OK | |||
r-devel-windows-x86_64 | 3.2.5 | 43.00 | 135.00 | 178.00 | NOTE | |
r-patched-linux-x86_64 | 3.2.5 | 35.82 | 98.22 | 134.04 | OK | |
r-release-linux-x86_64 | 3.2.5 | 34.59 | 98.34 | 132.93 | OK | |
r-release-macos-arm64 | 3.2.5 | 68.00 | OK | |||
r-release-macos-x86_64 | 3.2.5 | 102.00 | OK | |||
r-release-windows-x86_64 | 3.2.5 | 42.00 | 137.00 | 179.00 | NOTE | |
r-oldrel-macos-arm64 | 3.2.5 | 70.00 | OK | |||
r-oldrel-macos-x86_64 | 3.2.5 | 117.00 | OK | |||
r-oldrel-windows-x86_64 | 3.2.5 | 52.00 | 170.00 | 222.00 | NOTE |
Version: 3.2.5
Check: C++ specification
Result: NOTE
Specified C++11: please drop specification unless essential
Flavors: r-devel-windows-x86_64, r-release-windows-x86_64, r-oldrel-windows-x86_64