CRAN Package Check Results for Package BRDT

Last updated on 2025-11-04 13:50:11 CET.

Flavor Version Tinstall Tcheck Ttotal Status Flags
r-devel-linux-x86_64-debian-clang 0.1.0 1.78 32.21 33.99 NOTE
r-devel-linux-x86_64-debian-gcc 0.1.0 1.53 24.55 26.08 NOTE
r-devel-linux-x86_64-fedora-clang 0.1.0 52.89 NOTE
r-devel-linux-x86_64-fedora-gcc 0.1.0 65.57 NOTE
r-devel-windows-x86_64 0.1.0 4.00 54.00 58.00 NOTE
r-patched-linux-x86_64 0.1.0 2.03 30.75 32.78 NOTE
r-release-linux-x86_64 0.1.0 1.52 30.39 31.91 NOTE
r-release-macos-arm64 0.1.0 1.00 25.00 26.00 NOTE
r-release-macos-x86_64 0.1.0 2.00 60.00 62.00 NOTE
r-release-windows-x86_64 0.1.0 3.00 56.00 59.00 NOTE
r-oldrel-macos-arm64 0.1.0 1.00 27.00 28.00 NOTE
r-oldrel-macos-x86_64 0.1.0 1.00 35.00 36.00 NOTE
r-oldrel-windows-x86_64 0.1.0 3.00 58.00 61.00 NOTE

Check Details

Version: 0.1.0
Check: package subdirectories
Result: NOTE Problems with news in ‘NEWS.md’: No news entries found. Flavors: r-devel-linux-x86_64-debian-clang, r-devel-linux-x86_64-debian-gcc, r-devel-linux-x86_64-fedora-clang, r-devel-linux-x86_64-fedora-gcc, r-devel-windows-x86_64, r-patched-linux-x86_64, r-release-linux-x86_64, r-release-macos-arm64, r-release-macos-x86_64, r-release-windows-x86_64, r-oldrel-macos-arm64, r-oldrel-macos-x86_64, r-oldrel-windows-x86_64

Version: 0.1.0
Check: LazyData
Result: NOTE 'LazyData' is specified without a 'data' directory Flavors: r-oldrel-macos-arm64, r-oldrel-macos-x86_64, r-oldrel-windows-x86_64

mirror server hosted at Truenetwork, Russian Federation.