Last updated on 2025-11-04 05:51:06 CET.
| Flavor | Version | Tinstall | Tcheck | Ttotal | Status | Flags | 
|---|---|---|---|---|---|---|
| r-devel-linux-x86_64-debian-clang | 0.3.5 | 9.94 | 104.34 | 114.28 | NOTE | |
| r-devel-linux-x86_64-debian-gcc | 0.3.5 | 6.80 | 68.05 | 74.85 | NOTE | |
| r-devel-linux-x86_64-fedora-clang | 0.3.5 | 22.00 | 160.98 | 182.98 | OK | |
| r-devel-linux-x86_64-fedora-gcc | 0.3.5 | 18.00 | 167.93 | 185.93 | OK | |
| r-devel-windows-x86_64 | 0.3.5 | 12.00 | 134.00 | 146.00 | OK | |
| r-patched-linux-x86_64 | 0.3.5 | 10.60 | 101.25 | 111.85 | OK | |
| r-release-linux-x86_64 | 0.3.5 | 9.26 | 101.85 | 111.11 | OK | |
| r-release-macos-arm64 | 0.3.5 | 5.00 | 47.00 | 52.00 | OK | |
| r-release-macos-x86_64 | 0.3.5 | 10.00 | 104.00 | 114.00 | OK | |
| r-release-windows-x86_64 | 0.3.5 | 11.00 | 126.00 | 137.00 | OK | |
| r-oldrel-macos-arm64 | 0.3.5 | 5.00 | 50.00 | 55.00 | OK | |
| r-oldrel-macos-x86_64 | 0.3.5 | 8.00 | 80.00 | 88.00 | OK | |
| r-oldrel-windows-x86_64 | 0.3.5 | 10.00 | 129.00 | 139.00 | OK | 
Version: 0.3.5
Check: CRAN incoming feasibility
Result: NOTE
  Maintainer: ‘Stefan Zeugner <stefan.zeugner@ec.europa.eu>’
  
  No Authors@R field in DESCRIPTION.
  Please add one, modifying
    Authors@R: c(person(given = "Martin",
                        family = "Feldkircher",
                        role = "aut"),
                 person(given = "Stefan",
                        family = "Zeugner",
                        role = c("aut", "cre"),
                        email = "stefan.zeugner@ec.europa.eu"),
                 person(given = "Paul",
                        family = "Hofmarcher",
                        role = "aut"))
  as necessary.
  
  Package CITATION file contains call(s) to old-style personList() or
  as.personList().  Please use c() on person objects instead.
  Package CITATION file contains call(s) to old-style citEntry().  Please
  use bibentry() instead.
Flavors: r-devel-linux-x86_64-debian-clang, r-devel-linux-x86_64-debian-gcc