CRAN Package Check Results for Package BLRPM

Last updated on 2025-05-27 18:49:45 CEST.

Flavor Version Tinstall Tcheck Ttotal Status Flags
r-devel-linux-x86_64-debian-clang 1.0 3.12 21.51 24.63 NOTE
r-devel-linux-x86_64-debian-gcc 1.0 2.46 16.59 19.05 NOTE
r-devel-linux-x86_64-fedora-clang 1.0 38.60 OK
r-devel-linux-x86_64-fedora-gcc 1.0 37.57 OK
r-devel-windows-x86_64 1.0 5.00 50.00 55.00 OK
r-patched-linux-x86_64 1.0 3.14 20.42 23.56 OK
r-release-linux-x86_64 1.0 2.85 20.56 23.41 OK
r-release-macos-arm64 1.0 17.00 OK
r-release-macos-x86_64 1.0 28.00 OK
r-release-windows-x86_64 1.0 5.00 50.00 55.00 OK
r-oldrel-macos-arm64 1.0 21.00 OK
r-oldrel-macos-x86_64 1.0 24.00 OK
r-oldrel-windows-x86_64 1.0 5.00 51.00 56.00 OK

Check Details

Version: 1.0
Check: CRAN incoming feasibility
Result: NOTE Maintainer: ‘Christoph Ritschel <christoph.ritschel@met.fu-berlin.de>’ No Authors@R field in DESCRIPTION. Please add one, modifying Authors@R: person(given = "Christoph", family = "Ritschel", role = c("aut", "cre"), email = "christoph.ritschel@met.fu-berlin.de") as necessary. Flavors: r-devel-linux-x86_64-debian-clang, r-devel-linux-x86_64-debian-gcc

mirror server hosted at Truenetwork, Russian Federation.