Last updated on 2025-11-04 05:51:05 CET.
| Flavor | Version | Tinstall | Tcheck | Ttotal | Status | Flags | 
|---|---|---|---|---|---|---|
| r-devel-linux-x86_64-debian-clang | 3.6-6 | 128.92 | 133.80 | 262.72 | NOTE | |
| r-devel-linux-x86_64-debian-gcc | 3.6-6 | 83.77 | 91.67 | 175.44 | NOTE | |
| r-devel-linux-x86_64-fedora-clang | 3.6-6 | 234.00 | 236.06 | 470.06 | OK | |
| r-devel-linux-x86_64-fedora-gcc | 3.6-6 | 547.00 | -78.11 | 468.89 | OK | |
| r-devel-windows-x86_64 | 3.6-6 | 130.00 | 149.00 | 279.00 | OK | |
| r-patched-linux-x86_64 | 3.6-6 | 118.47 | 121.23 | 239.70 | OK | |
| r-release-linux-x86_64 | 3.6-6 | 118.92 | 124.40 | 243.32 | OK | |
| r-release-macos-arm64 | 3.6-6 | 48.00 | 55.00 | 103.00 | OK | |
| r-release-macos-x86_64 | 3.6-6 | 41.00 | 101.00 | 142.00 | OK | |
| r-release-windows-x86_64 | 3.6-6 | 128.00 | 145.00 | 273.00 | OK | |
| r-oldrel-macos-arm64 | 3.6-6 | 30.00 | 34.00 | 64.00 | NOTE | |
| r-oldrel-macos-x86_64 | 3.6-6 | 35.00 | 93.00 | 128.00 | NOTE | |
| r-oldrel-windows-x86_64 | 3.6-6 | 161.00 | 190.00 | 351.00 | OK | 
Version: 3.6-6
Check: CRAN incoming feasibility
Result: NOTE
  Maintainer: ‘Alexander Robitzsch <robitzsch@ipn.uni-kiel.de>’
  
  No Authors@R field in DESCRIPTION.
  Please add one, modifying
    Authors@R: c(person(family = "BIFIE",
                        role = "aut"),
                 person(given = "Alexander",
                        family = "Robitzsch",
                        role = c("aut", "cre"),
                        email = "robitzsch@ipn.uni-kiel.de"),
                 person(given = "Konrad",
                        family = "Oberwimmer",
                        role = "aut"))
  as necessary.
Flavors: r-devel-linux-x86_64-debian-clang, r-devel-linux-x86_64-debian-gcc
Version: 3.6-6
Check: installed package size
Result: NOTE
    installed size is  9.6Mb
    sub-directories of 1Mb or more:
      data   1.4Mb
      libs   7.7Mb
Flavors: r-oldrel-macos-arm64, r-oldrel-macos-x86_64