Last updated on 2025-11-04 05:51:05 CET.
| Flavor | Version | Tinstall | Tcheck | Ttotal | Status | Flags | 
|---|---|---|---|---|---|---|
| r-devel-linux-x86_64-debian-clang | 0.1.3 | 36.07 | 91.30 | 127.37 | OK | |
| r-devel-linux-x86_64-debian-gcc | 0.1.3 | 20.97 | 60.69 | 81.66 | OK | |
| r-devel-linux-x86_64-fedora-clang | 0.1.3 | 47.00 | 153.04 | 200.04 | OK | |
| r-devel-linux-x86_64-fedora-gcc | 0.1.3 | 50.00 | 153.16 | 203.16 | OK | |
| r-devel-windows-x86_64 | 0.1.3 | 47.00 | 114.00 | 161.00 | OK | |
| r-patched-linux-x86_64 | 0.1.3 | 30.43 | 84.99 | 115.42 | OK | |
| r-release-linux-x86_64 | 0.1.3 | 33.37 | 80.48 | 113.85 | OK | |
| r-release-macos-arm64 | 0.1.3 | 18.00 | 51.00 | 69.00 | OK | |
| r-release-macos-x86_64 | 0.1.3 | 28.00 | 97.00 | 125.00 | OK | |
| r-release-windows-x86_64 | 0.1.3 | 45.00 | 110.00 | 155.00 | OK | |
| r-oldrel-macos-arm64 | 0.1.3 | 16.00 | 51.00 | 67.00 | NOTE | |
| r-oldrel-macos-x86_64 | 0.1.3 | 29.00 | 103.00 | 132.00 | NOTE | |
| r-oldrel-windows-x86_64 | 0.1.3 | 54.00 | 151.00 | 205.00 | NOTE | 
Version: 0.1.3
Check: for GNU extensions in Makefiles
Result: NOTE
  GNU make is a SystemRequirements.
Flavors: r-oldrel-macos-arm64, r-oldrel-macos-x86_64, r-oldrel-windows-x86_64