Last updated on 2025-11-04 05:51:05 CET.
| Flavor | Version | Tinstall | Tcheck | Ttotal | Status | Flags | 
|---|---|---|---|---|---|---|
| r-devel-linux-x86_64-debian-clang | 2.1.5 | 96.27 | 462.32 | 558.59 | OK | |
| r-devel-linux-x86_64-debian-gcc | 2.1.5 | 68.44 | 297.22 | 365.66 | OK | |
| r-devel-linux-x86_64-fedora-clang | 2.1.5 | 210.00 | 665.87 | 875.87 | OK | |
| r-devel-linux-x86_64-fedora-gcc | 2.1.5 | 210.00 | 648.26 | 858.26 | OK | |
| r-devel-windows-x86_64 | 2.1.5 | 93.00 | 409.00 | 502.00 | OK | |
| r-patched-linux-x86_64 | 2.1.5 | 95.12 | 437.25 | 532.37 | OK | |
| r-release-linux-x86_64 | 2.1.5 | 92.45 | 403.38 | 495.83 | OK | |
| r-release-macos-arm64 | 2.1.5 | 39.00 | 169.00 | 208.00 | OK | |
| r-release-macos-x86_64 | 2.1.5 | 77.00 | 312.00 | 389.00 | OK | |
| r-release-windows-x86_64 | 2.1.5 | 106.00 | 401.00 | 507.00 | OK | |
| r-oldrel-macos-arm64 | 2.1.5 | 37.00 | 145.00 | 182.00 | NOTE | |
| r-oldrel-macos-x86_64 | 2.1.5 | 69.00 | 220.00 | 289.00 | NOTE | |
| r-oldrel-windows-x86_64 | 2.1.5 | 117.00 | 530.00 | 647.00 | NOTE | 
Version: 2.1.5
Check: installed package size
Result: NOTE
    installed size is 12.9Mb
    sub-directories of 1Mb or more:
      doc    3.3Mb
      help   1.1Mb
      libs   7.7Mb
Flavors: r-oldrel-macos-arm64, r-oldrel-macos-x86_64, r-oldrel-windows-x86_64