Last updated on 2025-11-04 11:52:25 CET.
| Flavor | Version | Tinstall | Tcheck | Ttotal | Status | Flags | 
|---|---|---|---|---|---|---|
| r-devel-linux-x86_64-debian-clang | 0.2.4 | 2.33 | 26.33 | 28.66 | NOTE | |
| r-devel-linux-x86_64-debian-gcc | 0.2.4 | 1.77 | 20.89 | 22.66 | NOTE | |
| r-devel-linux-x86_64-fedora-clang | 0.2.4 | 45.02 | OK | |||
| r-devel-linux-x86_64-fedora-gcc | 0.2.4 | 41.37 | OK | |||
| r-devel-windows-x86_64 | 0.2.4 | 4.00 | 51.00 | 55.00 | OK | |
| r-patched-linux-x86_64 | 0.2.4 | 2.33 | 24.91 | 27.24 | OK | |
| r-release-linux-x86_64 | 0.2.4 | 2.21 | 24.77 | 26.98 | OK | |
| r-release-macos-arm64 | 0.2.4 | 1.00 | 19.00 | 20.00 | OK | |
| r-release-macos-x86_64 | 0.2.4 | 2.00 | 26.00 | 28.00 | OK | |
| r-release-windows-x86_64 | 0.2.4 | 4.00 | 47.00 | 51.00 | OK | |
| r-oldrel-macos-arm64 | 0.2.4 | 2.00 | 16.00 | 18.00 | OK | |
| r-oldrel-macos-x86_64 | 0.2.4 | 2.00 | 26.00 | 28.00 | OK | |
| r-oldrel-windows-x86_64 | 0.2.4 | 4.00 | 54.00 | 58.00 | OK | 
Version: 0.2.4
Check: CRAN incoming feasibility
Result: NOTE
  Maintainer: ‘Kyun-Seop Bae <k@acr.kr>’
  
  No Authors@R field in DESCRIPTION.
  Please add one, modifying
    Authors@R: person(given = "Kyun-Seop",
                      family = "Bae",
                      role = c("aut", "cre"),
                      email = "k@acr.kr")
  as necessary.
Flavors: r-devel-linux-x86_64-debian-clang, r-devel-linux-x86_64-debian-gcc