CRAN Package Check Results for Package BDgraph

Last updated on 2025-07-13 18:52:39 CEST.

Flavor Version Tinstall Tcheck Ttotal Status Flags
r-devel-linux-x86_64-debian-clang 2.73 48.68 84.43 133.11 OK
r-devel-linux-x86_64-debian-gcc 2.73 38.57 56.62 95.19 OK
r-devel-linux-x86_64-fedora-clang 2.73 219.74 OK
r-devel-linux-x86_64-fedora-gcc 2.73 247.98 OK
r-devel-windows-x86_64 2.73 57.00 109.00 166.00 OK
r-patched-linux-x86_64 2.73 59.29 74.37 133.66 OK
r-release-linux-x86_64 2.73 55.90 73.84 129.74 OK
r-release-macos-arm64 2.73 73.00 OK
r-release-macos-x86_64 2.73 96.00 OK
r-release-windows-x86_64 2.73 59.00 110.00 169.00 OK
r-oldrel-macos-arm64 2.73 67.00 OK
r-oldrel-macos-x86_64 2.73 142.00 NOTE
r-oldrel-windows-x86_64 2.73 72.00 126.00 198.00 OK

Check Details

Version: 2.73
Check: installed package size
Result: NOTE installed size is 5.2Mb sub-directories of 1Mb or more: libs 3.7Mb Flavor: r-oldrel-macos-x86_64

mirror server hosted at Truenetwork, Russian Federation.