Last updated on 2025-11-28 17:48:33 CET.
| Flavor | Version | Tinstall | Tcheck | Ttotal | Status | Flags |
|---|---|---|---|---|---|---|
| r-devel-linux-x86_64-debian-clang | 0.1.3 | 13.69 | 83.07 | 96.76 | NOTE | |
| r-devel-linux-x86_64-debian-gcc | 0.1.3 | 7.92 | 56.61 | 64.53 | NOTE | |
| r-devel-linux-x86_64-fedora-clang | 0.1.3 | 25.00 | 125.72 | 150.72 | OK | |
| r-devel-linux-x86_64-fedora-gcc | 0.1.3 | 24.00 | 131.41 | 155.41 | OK | |
| r-devel-windows-x86_64 | 0.1.3 | 16.00 | 93.00 | 109.00 | OK | |
| r-patched-linux-x86_64 | 0.1.3 | 13.22 | 78.18 | 91.40 | OK | |
| r-release-linux-x86_64 | 0.1.3 | 12.14 | 78.36 | 90.50 | OK | |
| r-release-macos-arm64 | 0.1.3 | OK | ||||
| r-release-macos-x86_64 | 0.1.3 | 12.00 | 86.00 | 98.00 | OK | |
| r-release-windows-x86_64 | 0.1.3 | 14.00 | 94.00 | 108.00 | OK | |
| r-oldrel-macos-arm64 | 0.1.3 | NOTE | ||||
| r-oldrel-macos-x86_64 | 0.1.3 | 8.00 | 63.00 | 71.00 | NOTE | |
| r-oldrel-windows-x86_64 | 0.1.3 | 19.00 | 103.00 | 122.00 | NOTE |
Version: 0.1.3
Check: CRAN incoming feasibility
Result: NOTE
Maintainer: ‘Manuel Wiesenfarth <m.wiesenfarth@dkfz.de>’
No Authors@R field in DESCRIPTION.
Please add one, modifying
Authors@R: c(person(given = "Annette",
family = "Kopp-Schneider",
role = "aut"),
person(given = "Manuel",
family = "Wiesenfarth",
role = c("aut", "cre"),
email = "m.wiesenfarth@dkfz.de"),
person(given = "Ulrich",
family = "Abel",
role = "aut"))
as necessary.
Package CITATION file contains call(s) to old-style personList() or
as.personList(). Please use c() on person objects instead.
Package CITATION file contains call(s) to old-style citEntry(). Please
use bibentry() instead.
Flavors: r-devel-linux-x86_64-debian-clang, r-devel-linux-x86_64-debian-gcc
Version: 0.1.3
Check: LazyData
Result: NOTE
'LazyData' is specified without a 'data' directory
Flavors: r-oldrel-macos-arm64, r-oldrel-macos-x86_64, r-oldrel-windows-x86_64