Last updated on 2025-11-04 11:52:25 CET.
| Flavor | Version | Tinstall | Tcheck | Ttotal | Status | Flags | 
|---|---|---|---|---|---|---|
| r-devel-linux-x86_64-debian-clang | 0.99.6 | 15.01 | 120.97 | 135.98 | OK | |
| r-devel-linux-x86_64-debian-gcc | 0.99.6 | 11.04 | 90.68 | 101.72 | OK | |
| r-devel-linux-x86_64-fedora-clang | 0.99.6 | 120.00 | 108.71 | 228.71 | OK | |
| r-devel-linux-x86_64-fedora-gcc | 0.99.6 | 29.00 | 184.05 | 213.05 | OK | |
| r-devel-windows-x86_64 | 0.99.6 | 13.00 | 122.00 | 135.00 | OK | |
| r-patched-linux-x86_64 | 0.99.6 | 14.06 | 115.07 | 129.13 | OK | |
| r-release-linux-x86_64 | 0.99.6 | 13.13 | 113.89 | 127.02 | OK | |
| r-release-macos-arm64 | 0.99.6 | 6.00 | 64.00 | 70.00 | OK | |
| r-release-macos-x86_64 | 0.99.6 | 12.00 | 109.00 | 121.00 | OK | |
| r-release-windows-x86_64 | 0.99.6 | 14.00 | 116.00 | 130.00 | OK | |
| r-oldrel-macos-arm64 | 0.99.6 | 6.00 | 58.00 | 64.00 | OK | |
| r-oldrel-macos-x86_64 | 0.99.6 | 10.00 | 96.00 | 106.00 | OK | |
| r-oldrel-windows-x86_64 | 0.99.6 | 7.00 | 15.00 | 22.00 | ERROR | 
Version: 0.99.6
Check: whether package can be installed
Result: ERROR
  Installation failed.
Flavor: r-oldrel-windows-x86_64