CRAN Package Check Results for Package BAS

Last updated on 2025-07-11 12:49:14 CEST.

Flavor Version Tinstall Tcheck Ttotal Status Flags
r-devel-linux-x86_64-debian-clang 1.7.5 14.11 140.59 154.70 NOTE
r-devel-linux-x86_64-debian-gcc 1.7.5 11.40 102.33 113.73 NOTE
r-devel-linux-x86_64-fedora-clang 1.7.5 268.97 NOTE
r-devel-linux-x86_64-fedora-gcc 1.7.5 259.35 NOTE
r-devel-windows-x86_64 1.7.5 29.00 182.00 211.00 NOTE
r-patched-linux-x86_64 1.7.5 16.08 128.67 144.75 NOTE
r-release-linux-x86_64 1.7.5 13.94 127.86 141.80 NOTE
r-release-macos-arm64 1.7.5 99.00 NOTE
r-release-macos-x86_64 1.7.5 151.00 NOTE
r-release-windows-x86_64 1.7.5 29.00 184.00 213.00 NOTE
r-oldrel-macos-arm64 1.7.5 91.00 OK
r-oldrel-macos-x86_64 1.7.5 216.00 OK
r-oldrel-windows-x86_64 1.7.5 28.00 219.00 247.00 OK

Check Details

Version: 1.7.5
Check: compiled code
Result: NOTE File ‘BAS/libs/BAS.so’: Found non-API call to R: ‘SETLENGTH’ Compiled code should not call non-API entry points in R. See ‘Writing portable packages’ in the ‘Writing R Extensions’ manual, and section ‘Moving into C API compliance’ for issues with the use of non-API entry points. Flavors: r-devel-linux-x86_64-debian-clang, r-devel-linux-x86_64-debian-gcc, r-devel-linux-x86_64-fedora-clang, r-devel-linux-x86_64-fedora-gcc, r-patched-linux-x86_64, r-release-linux-x86_64, r-release-macos-arm64, r-release-macos-x86_64

Version: 1.7.5
Check: compiled code
Result: NOTE File 'BAS/libs/x64/BAS.dll': Found non-API call to R: 'SETLENGTH' Compiled code should not call non-API entry points in R. See 'Writing portable packages' in the 'Writing R Extensions' manual, and section 'Moving into C API compliance' for issues with the use of non-API entry points. Flavors: r-devel-windows-x86_64, r-release-windows-x86_64

mirror server hosted at Truenetwork, Russian Federation.