Last updated on 2025-02-21 17:50:36 CET.
Flavor | Version | Tinstall | Tcheck | Ttotal | Status | Flags |
---|---|---|---|---|---|---|
r-devel-linux-x86_64-debian-clang | 0.1.2 | 51.78 | 28.44 | 80.22 | OK | |
r-devel-linux-x86_64-debian-gcc | 0.1.2 | 32.80 | 22.21 | 55.01 | OK | |
r-devel-linux-x86_64-fedora-clang | 0.1.2 | 125.32 | OK | |||
r-devel-linux-x86_64-fedora-gcc | 0.1.2 | 133.48 | OK | |||
r-devel-macos-arm64 | 0.1.2 | 39.00 | OK | |||
r-devel-macos-x86_64 | 0.1.2 | 70.00 | OK | |||
r-devel-windows-x86_64 | 0.1.2 | 42.00 | 77.00 | 119.00 | OK | |
r-patched-linux-x86_64 | 0.1.2 | 44.59 | 27.24 | 71.83 | OK | |
r-release-linux-x86_64 | 0.1.2 | 43.83 | 27.09 | 70.92 | OK | |
r-release-macos-arm64 | 0.1.2 | 40.00 | NOTE | |||
r-release-macos-x86_64 | 0.1.2 | 105.00 | NOTE | |||
r-release-windows-x86_64 | 0.1.2 | 43.00 | 74.00 | 117.00 | OK | |
r-oldrel-macos-arm64 | 0.1.2 | 52.00 | NOTE | |||
r-oldrel-macos-x86_64 | 0.1.2 | 109.00 | NOTE | |||
r-oldrel-windows-x86_64 | 0.1.2 | 51.00 | 82.00 | 133.00 | OK |
Version: 0.1.2
Check: installed package size
Result: NOTE
installed size is 6.5Mb
sub-directories of 1Mb or more:
libs 6.1Mb
Flavors: r-release-macos-arm64, r-release-macos-x86_64, r-oldrel-macos-arm64, r-oldrel-macos-x86_64