CRAN Package Check Results for Package AzureGraph

Last updated on 2025-11-03 11:49:36 CET.

Flavor Version Tinstall Tcheck Ttotal Status Flags
r-devel-linux-x86_64-debian-clang 1.3.5 10.26 36.50 46.76 OK
r-devel-linux-x86_64-debian-gcc 1.3.5 5.99 29.28 35.27 OK
r-devel-linux-x86_64-fedora-clang 1.3.5 21.00 50.12 71.12 NOTE
r-devel-linux-x86_64-fedora-gcc 1.3.5 20.00 61.94 81.94 NOTE
r-devel-windows-x86_64 1.3.5 10.00 67.00 77.00 OK
r-patched-linux-x86_64 1.3.5 10.94 33.87 44.81 OK
r-release-linux-x86_64 1.3.5 8.64 33.77 42.41 OK
r-release-macos-arm64 1.3.5 4.00 27.00 31.00 OK
r-release-macos-x86_64 1.3.5 8.00 51.00 59.00 OK
r-release-windows-x86_64 1.3.5 10.00 59.00 69.00 OK
r-oldrel-macos-arm64 1.3.5 4.00 30.00 34.00 OK
r-oldrel-macos-x86_64 1.3.5 9.00 51.00 60.00 OK
r-oldrel-windows-x86_64 1.3.5 15.00 68.00 83.00 OK

Check Details

Version: 1.3.5
Check: dependencies in R code
Result: NOTE Namespace in Imports field not imported from: ‘curl’ All declared Imports should be used. Flavors: r-devel-linux-x86_64-fedora-clang, r-devel-linux-x86_64-fedora-gcc

mirror server hosted at Truenetwork, Russian Federation.