Last updated on 2025-11-04 11:52:24 CET.
| Flavor | Version | Tinstall | Tcheck | Ttotal | Status | Flags | 
|---|---|---|---|---|---|---|
| r-devel-linux-x86_64-debian-clang | 1.0 | 3.41 | 44.73 | 48.14 | NOTE | |
| r-devel-linux-x86_64-debian-gcc | 1.0 | 2.64 | 32.93 | 35.57 | NOTE | |
| r-devel-linux-x86_64-fedora-clang | 1.0 | 72.37 | NOTE | |||
| r-devel-linux-x86_64-fedora-gcc | 1.0 | 71.32 | NOTE | |||
| r-devel-windows-x86_64 | 1.0 | 7.00 | 68.00 | 75.00 | NOTE | |
| r-patched-linux-x86_64 | 1.0 | 3.57 | 45.05 | 48.62 | NOTE | |
| r-release-linux-x86_64 | 1.0 | 3.32 | 44.68 | 48.00 | NOTE | |
| r-release-macos-arm64 | 1.0 | 2.00 | 28.00 | 30.00 | NOTE | |
| r-release-macos-x86_64 | 1.0 | 3.00 | 49.00 | 52.00 | NOTE | |
| r-release-windows-x86_64 | 1.0 | 6.00 | 66.00 | 72.00 | NOTE | |
| r-oldrel-macos-arm64 | 1.0 | 2.00 | 27.00 | 29.00 | NOTE | |
| r-oldrel-macos-x86_64 | 1.0 | 4.00 | 40.00 | 44.00 | NOTE | |
| r-oldrel-windows-x86_64 | 1.0 | 6.00 | 66.00 | 72.00 | NOTE | 
Version: 1.0
Check: Rd files
Result: NOTE
  checkRd: (-1) getages.Rd:11: Lost braces; missing escapes or markup?
      11 | containing the amalgamated $^{40}$Ar$^*$/$^{39}$Ar$_K$-ratios and
         |                              ^
  checkRd: (-1) getages.Rd:11: Lost braces; missing escapes or markup?
      11 | containing the amalgamated $^{40}$Ar$^*$/$^{39}$Ar$_K$-ratios and
         |                                            ^
Flavors: r-devel-linux-x86_64-debian-clang, r-devel-linux-x86_64-debian-gcc, r-devel-linux-x86_64-fedora-clang, r-devel-linux-x86_64-fedora-gcc, r-devel-windows-x86_64, r-patched-linux-x86_64, r-release-linux-x86_64, r-release-macos-arm64, r-release-macos-x86_64, r-release-windows-x86_64, r-oldrel-macos-arm64, r-oldrel-macos-x86_64, r-oldrel-windows-x86_64