Last updated on 2025-02-21 17:50:35 CET.
Flavor | Version | Tinstall | Tcheck | Ttotal | Status | Flags |
---|---|---|---|---|---|---|
r-devel-linux-x86_64-debian-clang | 1.1.0 | 53.17 | 283.94 | 337.11 | NOTE | |
r-devel-linux-x86_64-debian-gcc | 1.1.0 | 38.94 | 188.77 | 227.71 | NOTE | |
r-devel-linux-x86_64-fedora-clang | 1.1.0 | 504.85 | NOTE | |||
r-devel-linux-x86_64-fedora-gcc | 1.1.0 | 517.92 | NOTE | |||
r-devel-macos-arm64 | 1.1.0 | 125.00 | NOTE | |||
r-devel-macos-x86_64 | 1.1.0 | 302.00 | NOTE | |||
r-devel-windows-x86_64 | 1.1.0 | 52.00 | 296.00 | 348.00 | NOTE | |
r-patched-linux-x86_64 | 1.1.0 | 55.31 | 256.84 | 312.15 | NOTE | |
r-release-linux-x86_64 | 1.1.0 | 55.25 | 264.21 | 319.46 | NOTE | |
r-release-macos-arm64 | 1.1.0 | 121.00 | NOTE | |||
r-release-macos-x86_64 | 1.1.0 | 167.00 | NOTE | |||
r-release-windows-x86_64 | 1.1.0 | 52.00 | 291.00 | 343.00 | NOTE | |
r-oldrel-macos-arm64 | 1.1.0 | 140.00 | NOTE | |||
r-oldrel-macos-x86_64 | 1.1.0 | 216.00 | NOTE | |||
r-oldrel-windows-x86_64 | 1.1.0 | 68.00 | 351.00 | 419.00 | NOTE |
Version: 1.1.0
Check: C++ specification
Result: NOTE
Specified C++11: please drop specification unless essential
Flavors: r-devel-linux-x86_64-debian-clang, r-devel-linux-x86_64-debian-gcc, r-devel-linux-x86_64-fedora-clang, r-devel-linux-x86_64-fedora-gcc, r-devel-macos-arm64, r-devel-macos-x86_64, r-devel-windows-x86_64, r-patched-linux-x86_64, r-release-linux-x86_64, r-release-macos-arm64, r-release-macos-x86_64, r-release-windows-x86_64, r-oldrel-macos-arm64, r-oldrel-macos-x86_64, r-oldrel-windows-x86_64
Version: 1.1.0
Check: dependencies in R code
Result: NOTE
Namespaces in Imports field not imported from:
‘Rdpack’ ‘mcclust’
All declared Imports should be used.
Flavors: r-devel-linux-x86_64-fedora-clang, r-devel-linux-x86_64-fedora-gcc
Version: 1.1.0
Check: installed package size
Result: NOTE
installed size is 5.6Mb
sub-directories of 1Mb or more:
libs 5.3Mb
Flavors: r-release-macos-arm64, r-release-macos-x86_64, r-oldrel-macos-arm64, r-oldrel-macos-x86_64