Last updated on 2025-05-22 12:49:54 CEST.
Flavor | Version | Tinstall | Tcheck | Ttotal | Status | Flags |
---|---|---|---|---|---|---|
r-devel-linux-x86_64-debian-clang | 1.6.1 | 195.72 | 88.36 | 284.08 | OK | |
r-devel-linux-x86_64-debian-gcc | 1.6.1 | 147.67 | 60.04 | 207.71 | OK | |
r-devel-linux-x86_64-fedora-clang | 1.6.1 | 511.56 | OK | |||
r-devel-linux-x86_64-fedora-gcc | 1.6.1 | 603.62 | OK | |||
r-devel-windows-x86_64 | 1.6.1 | 221.00 | 161.00 | 382.00 | OK | |
r-patched-linux-x86_64 | 1.6.1 | 212.19 | 78.97 | 291.16 | OK | |
r-release-linux-x86_64 | 1.6.1 | 212.96 | 79.27 | 292.23 | OK | |
r-release-macos-arm64 | 1.6.1 | 127.00 | OK | |||
r-release-macos-x86_64 | 1.6.1 | 163.00 | OK | |||
r-release-windows-x86_64 | 1.6.1 | 221.00 | 160.00 | 381.00 | OK | |
r-oldrel-macos-arm64 | 1.6.1 | 117.00 | NOTE | |||
r-oldrel-macos-x86_64 | 1.6.1 | 182.00 | NOTE | |||
r-oldrel-windows-x86_64 | 1.6.1 | 251.00 | 181.00 | 432.00 | OK |
Version: 1.6.1
Check: installed package size
Result: NOTE
installed size is 19.5Mb
sub-directories of 1Mb or more:
libs 18.2Mb
Flavors: r-oldrel-macos-arm64, r-oldrel-macos-x86_64